{"id":114452,"date":"2026-08-31T13:43:51","date_gmt":"2026-08-31T12:43:51","guid":{"rendered":"https:\/\/www.dstenerife.eu\/?post_type=dst-ticker&#038;p=114452"},"modified":"2026-08-31T13:44:59","modified_gmt":"2026-08-31T12:44:59","slug":"erster-schultag-fuer-g2-bis-klasse-12-07-09-um-0800-uhr-einschulung-g1-09-09-um-1000-uhr-beginn-kindergarten-gestaffelt-siehe-anhang","status":"publish","type":"dst-ticker","link":"https:\/\/www.dstenerife.eu\/de\/dst-ticker\/erster-schultag-fuer-g2-bis-klasse-12-07-09-um-0800-uhr-einschulung-g1-09-09-um-1000-uhr-beginn-kindergarten-gestaffelt-siehe-anhang\/","title":{"rendered":"Erster Schultag f\u00fcr G2 bis Klasse 12: 07.09. um 08:00 Uhr. Einschulung G1: 09.09. um 10:00 Uhr. Beginn Kindergarten (gestaffelt, siehe Anhang)"},"content":{"rendered":"<h6>Herzlich willkommen zum neuen Schuljahr 2026-2027!<\/h6>\n<h6>Wir freuen uns auf den Schulstart. Hier informieren wir Sie \u00fcber das Datum und die Uhrzeit des Schulbeginns:<\/h6>\n<p>&nbsp;<\/p>\n<p><strong>Klassen G2 bis Klassen 12<\/strong>: Montag, den 07.09.2026 um 08:00 Uhr.<\/p>\n<p><strong>Einschulung<\/strong> <strong>G1<\/strong>: Mittwoch, den 09.09.2026 um 10:00 Uhr.<\/p>\n<p><strong>Kindergarten:<\/strong><\/p>\n<ul>\n<li><em>K\u00fcken<\/em>: Montag, den 07.09.2026 (die genaue Uhrzeit finden Sie im Elternbrief zur Eingew\u00f6hnung, den Sie zum Ende des Schuljahres 2025-2026 erhalten haben).<\/li>\n<li><em>KiKri<\/em> (neue Kinder): Montag, den 07.09.2026 (die genaue Uhrzeit finden Sie im Elternbrief zur Eingew\u00f6hnung, den Sie zum Ende des Schuljahres 2025-2026 erhalten haben).<\/li>\n<li><em>KiKri<\/em> (ehemalige K\u00fcken aus dem Schuljahr 2025-2026): \u00dcbergang am Dienstag, den 08.09.2026 (die genaue Uhrzeit finden Sie im Elternbrief zur Eingew\u00f6hnung, den Sie zum Ende des Schuljahres 2025-2026 erhalten haben).<\/li>\n<li><em>K1<\/em>: Montag, den 07.09.2026 um 09:00 Uhr.<\/li>\n<li><em>K2<\/em>: Donnerstag, den 10.09.2026 ab 07:45 Uhr (regul\u00e4re und gewohnte Uhrzeiten).<\/li>\n<li><em>K3+<\/em>: Dienstag, den 08.09.2026 um 08:00 Uhr.<\/li>\n<\/ul>\n","protected":false},"featured_media":0,"template":"","meta":{"site-sidebar-layout":"default","site-content-layout":"","ast-site-content-layout":"default","site-content-style":"default","site-sidebar-style":"default","ast-global-header-display":"","ast-banner-title-visibility":"","ast-main-header-display":"","ast-hfb-above-header-display":"","ast-hfb-below-header-display":"","ast-hfb-mobile-header-display":"","site-post-title":"","ast-breadcrumbs-content":"","ast-featured-img":"","footer-sml-layout":"","ast-disable-related-posts":"","theme-transparent-header-meta":"default","adv-header-id-meta":"","stick-header-meta":"default","header-above-stick-meta":"","header-main-stick-meta":"","header-below-stick-meta":"","astra-migrate-meta-layouts":"set","ast-page-background-enabled":"default","ast-page-background-meta":{"desktop":{"background-color":"","background-image":"","background-repeat":"repeat","background-position":"center center","background-size":"auto","background-attachment":"scroll","background-type":"","background-media":"","overlay-type":"","overlay-color":"","overlay-opacity":"","overlay-gradient":""},"tablet":{"background-color":"","background-image":"","background-repeat":"repeat","background-position":"center center","background-size":"auto","background-attachment":"scroll","background-type":"","background-media":"","overlay-type":"","overlay-color":"","overlay-opacity":"","overlay-gradient":""},"mobile":{"background-color":"","background-image":"","background-repeat":"repeat","background-position":"center center","background-size":"auto","background-attachment":"scroll","background-type":"","background-media":"","overlay-type":"","overlay-color":"","overlay-opacity":"","overlay-gradient":""}},"ast-content-background-meta":{"desktop":{"background-color":"var(--ast-global-color-5)","background-image":"","background-repeat":"repeat","background-position":"center center","background-size":"auto","background-attachment":"scroll","background-type":"","background-media":"","overlay-type":"","overlay-color":"","overlay-opacity":"","overlay-gradient":""},"tablet":{"background-color":"var(--ast-global-color-5)","background-image":"","background-repeat":"repeat","background-position":"center center","background-size":"auto","background-attachment":"scroll","background-type":"","background-media":"","overlay-type":"","overlay-color":"","overlay-opacity":"","overlay-gradient":""},"mobile":{"background-color":"var(--ast-global-color-5)","background-image":"","background-repeat":"repeat","background-position":"center center","background-size":"auto","background-attachment":"scroll","background-type":"","background-media":"","overlay-type":"","overlay-color":"","overlay-opacity":"","overlay-gradient":""}},"_jet_sm_ready_style":"","_jet_sm_style":"","_jet_sm_controls_values":"","_jet_sm_fonts_collection":"","_jet_sm_fonts_links":""},"class_list":["post-114452","dst-ticker","type-dst-ticker","status-publish","hentry"],"_links":{"self":[{"href":"https:\/\/www.dstenerife.eu\/de\/wp-json\/wp\/v2\/dst-ticker\/114452","targetHints":{"allow":["GET"]}}],"collection":[{"href":"https:\/\/www.dstenerife.eu\/de\/wp-json\/wp\/v2\/dst-ticker"}],"about":[{"href":"https:\/\/www.dstenerife.eu\/de\/wp-json\/wp\/v2\/types\/dst-ticker"}],"version-history":[{"count":3,"href":"https:\/\/www.dstenerife.eu\/de\/wp-json\/wp\/v2\/dst-ticker\/114452\/revisions"}],"predecessor-version":[{"id":114455,"href":"https:\/\/www.dstenerife.eu\/de\/wp-json\/wp\/v2\/dst-ticker\/114452\/revisions\/114455"}],"wp:attachment":[{"href":"https:\/\/www.dstenerife.eu\/de\/wp-json\/wp\/v2\/media?parent=114452"}],"curies":[{"name":"wp","href":"https:\/\/api.w.org\/{rel}","templated":true}]}}

Erster Schultag für G2 bis Klasse 12: 07.09. um 08:00 Uhr. Einschulung G1: 09.09. um 10:00 Uhr. Beginn Kindergarten (gestaffelt, siehe Anhang)

<h6>Herzlich willkommen zum neuen Schuljahr 2026-2027!</h6>
<h6>Wir freuen uns auf den Schulstart. Hier informieren wir Sie über das Datum und die Uhrzeit des Schulbeginns:</h6>
<p>&nbsp;</p>
<p><strong>Klassen G2 bis Klassen 12</strong>: Montag, den 07.09.2026 um 08:00 Uhr.</p>
<p><strong>Einschulung</strong> <strong>G1</strong>: Mittwoch, den 09.09.2026 um 10:00 Uhr.</p>
<p><strong>Kindergarten:</strong></p>
<ul>
<li><em>Küken</em>: Montag, den 07.09.2026 (die genaue Uhrzeit finden Sie im Elternbrief zur Eingewöhnung, den Sie zum Ende des Schuljahres 2025-2026 erhalten haben).</li>
<li><em>KiKri</em> (neue Kinder): Montag, den 07.09.2026 (die genaue Uhrzeit finden Sie im Elternbrief zur Eingewöhnung, den Sie zum Ende des Schuljahres 2025-2026 erhalten haben).</li>
<li><em>KiKri</em> (ehemalige Küken aus dem Schuljahr 2025-2026): Übergang am Dienstag, den 08.09.2026 (die genaue Uhrzeit finden Sie im Elternbrief zur Eingewöhnung, den Sie zum Ende des Schuljahres 2025-2026 erhalten haben).</li>
<li><em>K1</em>: Montag, den 07.09.2026 um 09:00 Uhr.</li>
<li><em>K2</em>: Donnerstag, den 10.09.2026 ab 07:45 Uhr (reguläre und gewohnte Uhrzeiten).</li>
<li><em>K3+</em>: Dienstag, den 08.09.2026 um 08:00 Uhr.</li>
</ul>
