{"id":1606,"date":"2015-06-22T13:21:25","date_gmt":"2015-06-22T13:21:25","guid":{"rendered":"http:\/\/dstenerife.ducklingit.com\/?page_id=1606"},"modified":"2025-07-10T10:19:14","modified_gmt":"2025-07-10T09:19:14","slug":"die-entstehung-der-vorschule","status":"publish","type":"page","link":"https:\/\/www.dstenerife.eu\/de\/kikri-und-kindergarten-2\/die-entstehung-der-vorschule\/","title":{"rendered":"Die Entstehung des Kindergartens"},"content":{"rendered":"<p>Die Vorschule DST blickt auf eine lange Entwicklungsgeschichte zur\u00fcck: Als die erste Deutsche Schule, die durch eine Privatinitiative 1909 gegr\u00fcndet wurde, \u00f6ffnete, wurde weitere vierundzwanzig Jahre sp\u00e4ter (1933) der heutige Kindergarten mit damals f\u00fcnf Kindern er\u00f6ffnet. Von 1945 \u2013 1951 wurden die Schule und der Kindergarten durch den Druck der Alliierten geschlossen und das Geb\u00e4ude beschlagnahmt. 1951 nahm die Schule den Unterricht wieder auf und \u00f6ffnet mit 16 Schulkindern und 58 Kindergartenkindern. Als die Schule 1954 in neue R\u00e4umlichkeiten in eine Villa an der Rambla de Santa Cruz zog, bestand der Kindergarten bereits aus 74 Kindern. 1998 zogen die Schule und der Kindergarten nach Tabaiba um und zum ersten Mal wurden altersgemischte Gruppen im Kindergarten gegr\u00fcndet. 2003 wurde die erste Konzeption erarbeitet. Es besuchten mittlerweile 135 Kinder die Einrichtung.<\/p>\n<p>Im Februar 2014 wurde eine weitere Einrichtung, die Kinderkrippe KiKri, mit weiteren zwei Gruppen f\u00fcr insgesamt 30 Kinder er\u00f6ffnet. Aktuell werden im Kindergarten ca. 160 Kinder, in insgesamt elf Gruppen, zwischen zwei und sechs Jahren betreut.<\/p>\n<p>Im Jahr 2024 erweitert die Deutsche Schule Santa Cruz de Tenerife ihr p\u00e4dagogisches Angebot im Bereich der fr\u00fchkindlichen Bildung durch die Er\u00f6ffnung einer neuen Gruppe in der Kinderkrippe KiKri. Ab diesem Zeitpunkt nimmt die Schule die neue Gruppe der \u201eK\u00fcken\u201c auf, in der Kinder im Alter von 1 bis 2 Jahren betreut werden.<\/p>\n<p>Mit dieser Erweiterung bekr\u00e4ftigt die Schule ihr Engagement f\u00fcr eine qualitativ hochwertige fr\u00fchkindliche Bildung. Den Familien wird damit ein Betreuungsangebot geboten, in dem die Kleinsten bereits fr\u00fchzeitig mit der deutschen Sprache in Kontakt\u00a0kommen k\u00f6nnen. Dar\u00fcber hinaus erm\u00f6glicht diese Initiative auch die Aufnahme j\u00fcngerer Geschwisterkinder\u00a0bereits eingeschriebener Sch\u00fcler*innen in unser p\u00e4dagogisches Umfeld.<\/p>\n","protected":false},"excerpt":{"rendered":"<p>Die Vorschule DST blickt auf eine lange Entwicklungsgeschichte zur\u00fcck: Als die erste Deutsche Schule, die durch [&hellip;]<\/p>\n","protected":false},"author":10,"featured_media":90592,"parent":401,"menu_order":6,"comment_status":"closed","ping_status":"closed","template":"","meta":{"site-sidebar-layout":"default","site-content-layout":"default","ast-site-content-layout":"default","site-content-style":"default","site-sidebar-style":"default","ast-global-header-display":"","ast-banner-title-visibility":"","ast-main-header-display":"","ast-hfb-above-header-display":"","ast-hfb-below-header-display":"","ast-hfb-mobile-header-display":"","site-post-title":"","ast-breadcrumbs-content":"","ast-featured-img":"","footer-sml-layout":"","ast-disable-related-posts":"","theme-transparent-header-meta":"default","adv-header-id-meta":"","stick-header-meta":"default","header-above-stick-meta":"","header-main-stick-meta":"","header-below-stick-meta":"","astra-migrate-meta-layouts":"set","ast-page-background-enabled":"default","ast-page-background-meta":{"desktop":{"background-color":"","background-image":"","background-repeat":"repeat","background-position":"center center","background-size":"auto","background-attachment":"scroll","background-type":"","background-media":"","overlay-type":"","overlay-color":"","overlay-opacity":"","overlay-gradient":""},"tablet":{"background-color":"","background-image":"","background-repeat":"repeat","background-position":"center center","background-size":"auto","background-attachment":"scroll","background-type":"","background-media":"","overlay-type":"","overlay-color":"","overlay-opacity":"","overlay-gradient":""},"mobile":{"background-color":"","background-image":"","background-repeat":"repeat","background-position":"center center","background-size":"auto","background-attachment":"scroll","background-type":"","background-media":"","overlay-type":"","overlay-color":"","overlay-opacity":"","overlay-gradient":""}},"ast-content-background-meta":{"desktop":{"background-color":"var(--ast-global-color-5)","background-image":"","background-repeat":"repeat","background-position":"center center","background-size":"auto","background-attachment":"scroll","background-type":"","background-media":"","overlay-type":"","overlay-color":"","overlay-opacity":"","overlay-gradient":""},"tablet":{"background-color":"var(--ast-global-color-5)","background-image":"","background-repeat":"repeat","background-position":"center center","background-size":"auto","background-attachment":"scroll","background-type":"","background-media":"","overlay-type":"","overlay-color":"","overlay-opacity":"","overlay-gradient":""},"mobile":{"background-color":"var(--ast-global-color-5)","background-image":"","background-repeat":"repeat","background-position":"center center","background-size":"auto","background-attachment":"scroll","background-type":"","background-media":"","overlay-type":"","overlay-color":"","overlay-opacity":"","overlay-gradient":""}},"_jet_sm_ready_style":"","_jet_sm_style":"","_jet_sm_controls_values":"","_jet_sm_fonts_collection":"","_jet_sm_fonts_links":"","footnotes":""},"schlagwortedst":[149],"wf_page_folders":[192],"class_list":["post-1606","page","type-page","status-publish","has-post-thumbnail","hentry","schlagwortedst-sidekg"],"_links":{"self":[{"href":"https:\/\/www.dstenerife.eu\/de\/wp-json\/wp\/v2\/pages\/1606","targetHints":{"allow":["GET"]}}],"collection":[{"href":"https:\/\/www.dstenerife.eu\/de\/wp-json\/wp\/v2\/pages"}],"about":[{"href":"https:\/\/www.dstenerife.eu\/de\/wp-json\/wp\/v2\/types\/page"}],"author":[{"embeddable":true,"href":"https:\/\/www.dstenerife.eu\/de\/wp-json\/wp\/v2\/users\/10"}],"replies":[{"embeddable":true,"href":"https:\/\/www.dstenerife.eu\/de\/wp-json\/wp\/v2\/comments?post=1606"}],"version-history":[{"count":6,"href":"https:\/\/www.dstenerife.eu\/de\/wp-json\/wp\/v2\/pages\/1606\/revisions"}],"predecessor-version":[{"id":99852,"href":"https:\/\/www.dstenerife.eu\/de\/wp-json\/wp\/v2\/pages\/1606\/revisions\/99852"}],"up":[{"embeddable":true,"href":"https:\/\/www.dstenerife.eu\/de\/wp-json\/wp\/v2\/pages\/401"}],"wp:featuredmedia":[{"embeddable":true,"href":"https:\/\/www.dstenerife.eu\/de\/wp-json\/wp\/v2\/media\/90592"}],"wp:attachment":[{"href":"https:\/\/www.dstenerife.eu\/de\/wp-json\/wp\/v2\/media?parent=1606"}],"wp:term":[{"taxonomy":"schlagwortedst","embeddable":true,"href":"https:\/\/www.dstenerife.eu\/de\/wp-json\/wp\/v2\/schlagwortedst?post=1606"},{"taxonomy":"wf_page_folders","embeddable":true,"href":"https:\/\/www.dstenerife.eu\/de\/wp-json\/wp\/v2\/wf_page_folders?post=1606"}],"curies":[{"name":"wp","href":"https:\/\/api.w.org\/{rel}","templated":true}]}}

<p>Die Vorschule DST blickt auf eine lange Entwicklungsgeschichte zurück: Als die erste Deutsche Schule, die durch eine Privatinitiative 1909 gegründet wurde, öffnete, wurde weitere vierundzwanzig Jahre später (1933) der heutige Kindergarten mit damals fünf Kindern eröffnet. Von 1945 – 1951 wurden die Schule und der Kindergarten durch den Druck der Alliierten geschlossen und das Gebäude beschlagnahmt. 1951 nahm die Schule den Unterricht wieder auf und öffnet mit 16 Schulkindern und 58 Kindergartenkindern. Als die Schule 1954 in neue Räumlichkeiten in eine Villa an der Rambla de Santa Cruz zog, bestand der Kindergarten bereits aus 74 Kindern. 1998 zogen die Schule und der Kindergarten nach Tabaiba um und zum ersten Mal wurden altersgemischte Gruppen im Kindergarten gegründet. 2003 wurde die erste Konzeption erarbeitet. Es besuchten mittlerweile 135 Kinder die Einrichtung.</p>
<p>Im Februar 2014 wurde eine weitere Einrichtung, die Kinderkrippe KiKri, mit weiteren zwei Gruppen für insgesamt 30 Kinder eröffnet. Aktuell werden im Kindergarten ca. 160 Kinder, in insgesamt elf Gruppen, zwischen zwei und sechs Jahren betreut.</p>
<p>Im Jahr 2024 erweitert die Deutsche Schule Santa Cruz de Tenerife ihr pädagogisches Angebot im Bereich der frühkindlichen Bildung durch die Eröffnung einer neuen Gruppe in der Kinderkrippe KiKri. Ab diesem Zeitpunkt nimmt die Schule die neue Gruppe der „Küken“ auf, in der Kinder im Alter von 1 bis 2 Jahren betreut werden.</p>
<p>Mit dieser Erweiterung bekräftigt die Schule ihr Engagement für eine qualitativ hochwertige frühkindliche Bildung. Den Familien wird damit ein Betreuungsangebot geboten, in dem die Kleinsten bereits frühzeitig mit der deutschen Sprache in Kontakt kommen können. Darüber hinaus ermöglicht diese Initiative auch die Aufnahme jüngerer Geschwisterkinder bereits eingeschriebener Schüler*innen in unser pädagogisches Umfeld.</p>

<p>Die Vorschule DST blickt auf eine lange Entwicklungsgeschichte zurück: Als die erste Deutsche Schule, die durch [&hellip;]</p>
