{"id":66787,"date":"2024-01-26T06:43:05","date_gmt":"2024-01-26T06:43:05","guid":{"rendered":"https:\/\/www.dstenerife.eu\/?page_id=66787"},"modified":"2025-11-02T07:27:28","modified_gmt":"2025-11-02T07:27:28","slug":"formular-kg-anmeldung","status":"publish","type":"page","link":"https:\/\/www.dstenerife.eu\/de\/kikri-und-kindergarten-2\/formular-kg-anmeldung\/","title":{"rendered":"Formular KG Anmeldung"},"content":{"rendered":"\t\t<div data-elementor-type=\"wp-page\" data-elementor-id=\"66787\" class=\"elementor elementor-66787\" data-elementor-post-type=\"page\">\n\t\t\t\t<div class=\"elementor-element elementor-element-c93d680 e-flex e-con-boxed e-con e-parent\" data-id=\"c93d680\" data-element_type=\"container\" data-e-type=\"container\">\n\t\t\t\t\t<div class=\"e-con-inner\">\n\t\t\t\t<div class=\"elementor-element elementor-element-4648bc5 elementor-widget elementor-widget-heading\" data-id=\"4648bc5\" data-element_type=\"widget\" data-e-type=\"widget\" data-settings=\"{&quot;_ob_widget_stalker_use&quot;:&quot;no&quot;,&quot;_ob_shadough_use&quot;:&quot;no&quot;}\" data-widget_type=\"heading.default\">\n\t\t\t\t<div class=\"elementor-widget-container\">\n\t\t\t\t\t<h2 class=\"elementor-heading-title elementor-size-default\">ANMELDUNGEN 2025 - 2026<\/h2>\t\t\t\t<\/div>\n\t\t\t\t<\/div>\n\t\t\t\t<div class=\"elementor-element elementor-element-c1afcd5 elementor-widget elementor-widget-heading\" data-id=\"c1afcd5\" data-element_type=\"widget\" data-e-type=\"widget\" data-settings=\"{&quot;_ob_widget_stalker_use&quot;:&quot;no&quot;,&quot;_ob_shadough_use&quot;:&quot;no&quot;}\" data-widget_type=\"heading.default\">\n\t\t\t\t<div class=\"elementor-widget-container\">\n\t\t\t\t\t<p class=\"elementor-heading-title elementor-size-default\">Buchen Sie jetzt Ihren pers\u00f6nlichen Termin und lernen Sie unsere Einrichtung kennen!<\/p>\t\t\t\t<\/div>\n\t\t\t\t<\/div>\n\t\t\t\t<div class=\"elementor-element elementor-element-23befe0 elementor-widget elementor-widget-html\" data-id=\"23befe0\" data-element_type=\"widget\" data-e-type=\"widget\" data-settings=\"{&quot;_ob_widget_stalker_use&quot;:&quot;no&quot;,&quot;_ob_shadough_use&quot;:&quot;no&quot;}\" data-widget_type=\"html.default\">\n\t\t\t\t<div class=\"elementor-widget-container\">\n\t\t\t\t\t<iframe src='https:\/\/outlook.office.com\/book\/CITAVisitaKindergarten@s.dstenerife.eu\/?ismsaljsauthenabled' width='100%' height='2250px' scrolling='yes' style='border:0'><\/iframe>\t\t\t\t<\/div>\n\t\t\t\t<\/div>\n\t\t\t\t<div class=\"elementor-element elementor-element-c91820c elementor-widget elementor-widget-text-editor\" data-id=\"c91820c\" data-element_type=\"widget\" data-e-type=\"widget\" data-settings=\"{&quot;_ob_widget_stalker_use&quot;:&quot;no&quot;,&quot;_ob_shadough_use&quot;:&quot;no&quot;}\" data-widget_type=\"text-editor.default\">\n\t\t\t\t<div class=\"elementor-widget-container\">\n\t\t\t\t\t\t\t\t\t<h3>Grundlegende\u00a0 Infos zum Datenschutz:<\/h3><p>Verantwortliche Stelle:<\/p><p>ASOCIACI\u00d3N PARA EL FOMENTO DEL COLEGIO ALEM\u00c1N SANTA CRUZ DE TENERIFE<br \/>G38017752 <br \/>Calle Drago, 1, 38190 &#8211; El Rosario (Santa Cruz de Tenerife) <br \/>Telefon: 922682010 <br \/>E-Mail: <a target=\"_new\">dpd@dstenerife.eu<\/a> <br \/>Web: <a href=\"https:\/\/www.dstenerife.eu\/\" target=\"_new\">www.dstenerife.eu<\/a><\/p><p>Sie k\u00f6nnen sich mit dem Datenschutzbeauftragten unter der folgenden E-Mail-Adresse <a target=\"_new\">DPD@dstenerife.eu<\/a> in Verbindung setzen.<\/p><p><strong>Zweck:<\/strong> Die im vorliegenden Anmeldeformular bereitgestellten personenbezogenen Daten werden verwendet, damit die Schule Kontakt mit den Interessenten aufnehmen kann, um einen Besuch zu vereinbaren, sowie um Informationen zu den verschiedenen Dienstleistungen anzubieten, die die ASOCIACI\u00d3N PARA EL FOMENTO DEL COLEGIO ALEM\u00c1N SANTA CRUZ DE TENERIFE anbietet.<\/p><p><strong>Rechtsgrundlage:<\/strong> Die ASOCIACI\u00d3N PARA EL FOMENTO DEL COLEGIO ALEM\u00c1N SANTA CRUZ DE TENERIFE verarbeitet Ihre Daten gem\u00e4\u00df Artikel 6.1. a) der DSGVO, der besagt, dass &#8222;die betroffene Person ihre Einwilligung zur Verarbeitung ihrer personenbezogenen Daten f\u00fcr einen oder mehrere bestimmte Zwecke erteilt hat&#8220;.<\/p><p><strong>Aufbewahrungsfrist:<\/strong> Die Daten werden f\u00fcr die Zeit aufbewahrt, die zur Erf\u00fcllung des Zwecks, f\u00fcr den sie erhoben wurden, sowie zur Feststellung der m\u00f6glichen Verantwortlichkeiten, die sich aus diesem Zweck und der Verarbeitung ergeben k\u00f6nnten, erforderlich ist. Empf\u00e4nger: Ihre Daten werden an die gesetzlich verpflichteten Stellen weitergegeben.<\/p><p><strong>Rechte:<\/strong> Sie k\u00f6nnen Ihre Rechte auf Zugang, Berichtigung, L\u00f6schung, Einschr\u00e4nkung der Verarbeitung, Widerspruch und gegen automatisierte Entscheidungen, die ausschlie\u00dflich auf der automatisierten Verarbeitung Ihrer Daten basieren, gegen\u00fcber der ASOCIACI\u00d3N PARA EL FOMENTO DEL COLEGIO ALEM\u00c1N SANTA CRUZ DE TENERIFE aus\u00fcben.<\/p><p><strong>Zus\u00e4tzliche Informationen<\/strong>: Diese k\u00f6nnen Sie unter der oben angegebenen Adresse, in den Einrichtungen des Zentrums oder auf unserer Website <a href=\"https:\/\/www.dstenerife.eu\/\" target=\"_new\">www.dstenerife.eu<\/a> anfordern.<\/p>\t\t\t\t\t\t\t\t<\/div>\n\t\t\t\t<\/div>\n\t\t\t\t\t<\/div>\n\t\t\t\t<\/div>\n\t\t<div class=\"elementor-element elementor-element-f208ec3 e-flex e-con-boxed e-con e-parent\" data-id=\"f208ec3\" data-element_type=\"container\" data-e-type=\"container\">\n\t\t\t\t\t<div class=\"e-con-inner\">\n\t\t\t\t\t<\/div>\n\t\t\t\t<\/div>\n\t\t\t\t<\/div>\n\t\t","protected":false},"excerpt":{"rendered":"<p>ANMELDUNGEN 2025 &#8211; 2026 Buchen Sie jetzt Ihren pers\u00f6nlichen Termin und lernen Sie unsere Einrichtung kennen! [&hellip;]<\/p>\n","protected":false},"author":15,"featured_media":0,"parent":401,"menu_order":0,"comment_status":"closed","ping_status":"closed","template":"","meta":{"site-sidebar-layout":"no-sidebar","site-content-layout":"page-builder","ast-site-content-layout":"default","site-content-style":"default","site-sidebar-style":"default","ast-global-header-display":"","ast-banner-title-visibility":"","ast-main-header-display":"","ast-hfb-above-header-display":"","ast-hfb-below-header-display":"","ast-hfb-mobile-header-display":"","site-post-title":"disabled","ast-breadcrumbs-content":"","ast-featured-img":"disabled","footer-sml-layout":"","ast-disable-related-posts":"","theme-transparent-header-meta":"default","adv-header-id-meta":"","stick-header-meta":"default","header-above-stick-meta":"","header-main-stick-meta":"","header-below-stick-meta":"","astra-migrate-meta-layouts":"set","ast-page-background-enabled":"default","ast-page-background-meta":{"desktop":{"background-color":"","background-image":"","background-repeat":"repeat","background-position":"center center","background-size":"auto","background-attachment":"scroll","background-type":"","background-media":"","overlay-type":"","overlay-color":"","overlay-opacity":"","overlay-gradient":""},"tablet":{"background-color":"","background-image":"","background-repeat":"repeat","background-position":"center center","background-size":"auto","background-attachment":"scroll","background-type":"","background-media":"","overlay-type":"","overlay-color":"","overlay-opacity":"","overlay-gradient":""},"mobile":{"background-color":"","background-image":"","background-repeat":"repeat","background-position":"center center","background-size":"auto","background-attachment":"scroll","background-type":"","background-media":"","overlay-type":"","overlay-color":"","overlay-opacity":"","overlay-gradient":""}},"ast-content-background-meta":{"desktop":{"background-color":"var(--ast-global-color-5)","background-image":"","background-repeat":"repeat","background-position":"center center","background-size":"auto","background-attachment":"scroll","background-type":"","background-media":"","overlay-type":"","overlay-color":"","overlay-opacity":"","overlay-gradient":""},"tablet":{"background-color":"var(--ast-global-color-5)","background-image":"","background-repeat":"repeat","background-position":"center center","background-size":"auto","background-attachment":"scroll","background-type":"","background-media":"","overlay-type":"","overlay-color":"","overlay-opacity":"","overlay-gradient":""},"mobile":{"background-color":"var(--ast-global-color-5)","background-image":"","background-repeat":"repeat","background-position":"center center","background-size":"auto","background-attachment":"scroll","background-type":"","background-media":"","overlay-type":"","overlay-color":"","overlay-opacity":"","overlay-gradient":""}},"_jet_sm_ready_style":"","_jet_sm_style":"","_jet_sm_controls_values":"","_jet_sm_fonts_collection":"","_jet_sm_fonts_links":"","footnotes":""},"schlagwortedst":[149],"wf_page_folders":[208],"class_list":["post-66787","page","type-page","status-publish","hentry","schlagwortedst-sidekg"],"_links":{"self":[{"href":"https:\/\/www.dstenerife.eu\/de\/wp-json\/wp\/v2\/pages\/66787","targetHints":{"allow":["GET"]}}],"collection":[{"href":"https:\/\/www.dstenerife.eu\/de\/wp-json\/wp\/v2\/pages"}],"about":[{"href":"https:\/\/www.dstenerife.eu\/de\/wp-json\/wp\/v2\/types\/page"}],"author":[{"embeddable":true,"href":"https:\/\/www.dstenerife.eu\/de\/wp-json\/wp\/v2\/users\/15"}],"replies":[{"embeddable":true,"href":"https:\/\/www.dstenerife.eu\/de\/wp-json\/wp\/v2\/comments?post=66787"}],"version-history":[{"count":59,"href":"https:\/\/www.dstenerife.eu\/de\/wp-json\/wp\/v2\/pages\/66787\/revisions"}],"predecessor-version":[{"id":101155,"href":"https:\/\/www.dstenerife.eu\/de\/wp-json\/wp\/v2\/pages\/66787\/revisions\/101155"}],"up":[{"embeddable":true,"href":"https:\/\/www.dstenerife.eu\/de\/wp-json\/wp\/v2\/pages\/401"}],"wp:attachment":[{"href":"https:\/\/www.dstenerife.eu\/de\/wp-json\/wp\/v2\/media?parent=66787"}],"wp:term":[{"taxonomy":"schlagwortedst","embeddable":true,"href":"https:\/\/www.dstenerife.eu\/de\/wp-json\/wp\/v2\/schlagwortedst?post=66787"},{"taxonomy":"wf_page_folders","embeddable":true,"href":"https:\/\/www.dstenerife.eu\/de\/wp-json\/wp\/v2\/wf_page_folders?post=66787"}],"curies":[{"name":"wp","href":"https:\/\/api.w.org\/{rel}","templated":true}]}}

<div data-elementor-type="wp-page" data-elementor-id="66787" class="elementor elementor-66787" data-elementor-post-type="page">
				<div class="elementor-element elementor-element-c93d680 e-flex e-con-boxed e-con e-parent" data-id="c93d680" data-element_type="container" data-e-type="container">
					<div class="e-con-inner">
				<div class="elementor-element elementor-element-4648bc5 elementor-widget elementor-widget-heading" data-id="4648bc5" data-element_type="widget" data-e-type="widget" data-settings="{&quot;_ob_widget_stalker_use&quot;:&quot;no&quot;,&quot;_ob_shadough_use&quot;:&quot;no&quot;}" data-widget_type="heading.default">
				<div class="elementor-widget-container">
					<h2 class="elementor-heading-title elementor-size-default">ANMELDUNGEN 2025 - 2026</h2>				</div>
				</div>
				<div class="elementor-element elementor-element-c1afcd5 elementor-widget elementor-widget-heading" data-id="c1afcd5" data-element_type="widget" data-e-type="widget" data-settings="{&quot;_ob_widget_stalker_use&quot;:&quot;no&quot;,&quot;_ob_shadough_use&quot;:&quot;no&quot;}" data-widget_type="heading.default">
				<div class="elementor-widget-container">
					<p class="elementor-heading-title elementor-size-default">Buchen Sie jetzt Ihren persönlichen Termin und lernen Sie unsere Einrichtung kennen!</p>				</div>
				</div>
				<div class="elementor-element elementor-element-23befe0 elementor-widget elementor-widget-html" data-id="23befe0" data-element_type="widget" data-e-type="widget" data-settings="{&quot;_ob_widget_stalker_use&quot;:&quot;no&quot;,&quot;_ob_shadough_use&quot;:&quot;no&quot;}" data-widget_type="html.default">
				<div class="elementor-widget-container">
					<iframe src='https://outlook.office.com/book/CITAVisitaKindergarten@s.dstenerife.eu/?ismsaljsauthenabled' width='100%' height='2250px' scrolling='yes' style='border:0'></iframe>				</div>
				</div>
				<div class="elementor-element elementor-element-c91820c elementor-widget elementor-widget-text-editor" data-id="c91820c" data-element_type="widget" data-e-type="widget" data-settings="{&quot;_ob_widget_stalker_use&quot;:&quot;no&quot;,&quot;_ob_shadough_use&quot;:&quot;no&quot;}" data-widget_type="text-editor.default">
				<div class="elementor-widget-container">
									<h3>Grundlegende  Infos zum Datenschutz:</h3><p>Verantwortliche Stelle:</p><p>ASOCIACIÓN PARA EL FOMENTO DEL COLEGIO ALEMÁN SANTA CRUZ DE TENERIFE<br />G38017752 <br />Calle Drago, 1, 38190 &#8211; El Rosario (Santa Cruz de Tenerife) <br />Telefon: 922682010 <br />E-Mail: <a target="_new">dpd@dstenerife.eu</a> <br />Web: <a href="https://www.dstenerife.eu/" target="_new">www.dstenerife.eu</a></p><p>Sie können sich mit dem Datenschutzbeauftragten unter der folgenden E-Mail-Adresse <a target="_new">DPD@dstenerife.eu</a> in Verbindung setzen.</p><p><strong>Zweck:</strong> Die im vorliegenden Anmeldeformular bereitgestellten personenbezogenen Daten werden verwendet, damit die Schule Kontakt mit den Interessenten aufnehmen kann, um einen Besuch zu vereinbaren, sowie um Informationen zu den verschiedenen Dienstleistungen anzubieten, die die ASOCIACIÓN PARA EL FOMENTO DEL COLEGIO ALEMÁN SANTA CRUZ DE TENERIFE anbietet.</p><p><strong>Rechtsgrundlage:</strong> Die ASOCIACIÓN PARA EL FOMENTO DEL COLEGIO ALEMÁN SANTA CRUZ DE TENERIFE verarbeitet Ihre Daten gemäß Artikel 6.1. a) der DSGVO, der besagt, dass &#8222;die betroffene Person ihre Einwilligung zur Verarbeitung ihrer personenbezogenen Daten für einen oder mehrere bestimmte Zwecke erteilt hat&#8220;.</p><p><strong>Aufbewahrungsfrist:</strong> Die Daten werden für die Zeit aufbewahrt, die zur Erfüllung des Zwecks, für den sie erhoben wurden, sowie zur Feststellung der möglichen Verantwortlichkeiten, die sich aus diesem Zweck und der Verarbeitung ergeben könnten, erforderlich ist. Empfänger: Ihre Daten werden an die gesetzlich verpflichteten Stellen weitergegeben.</p><p><strong>Rechte:</strong> Sie können Ihre Rechte auf Zugang, Berichtigung, Löschung, Einschränkung der Verarbeitung, Widerspruch und gegen automatisierte Entscheidungen, die ausschließlich auf der automatisierten Verarbeitung Ihrer Daten basieren, gegenüber der ASOCIACIÓN PARA EL FOMENTO DEL COLEGIO ALEMÁN SANTA CRUZ DE TENERIFE ausüben.</p><p><strong>Zusätzliche Informationen</strong>: Diese können Sie unter der oben angegebenen Adresse, in den Einrichtungen des Zentrums oder auf unserer Website <a href="https://www.dstenerife.eu/" target="_new">www.dstenerife.eu</a> anfordern.</p>								</div>
				</div>
					</div>
				</div>
		<div class="elementor-element elementor-element-f208ec3 e-flex e-con-boxed e-con e-parent" data-id="f208ec3" data-element_type="container" data-e-type="container">
					<div class="e-con-inner">
					</div>
				</div>
				</div>

<p>ANMELDUNGEN 2025 &#8211; 2026 Buchen Sie jetzt Ihren persönlichen Termin und lernen Sie unsere Einrichtung kennen! [&hellip;]</p>
