{"id":676,"date":"2015-04-25T22:07:00","date_gmt":"2015-04-25T22:07:00","guid":{"rendered":"http:\/\/dstenerife.ducklingit.com\/?page_id=676"},"modified":"2026-02-15T09:23:47","modified_gmt":"2026-02-15T09:23:47","slug":"ferienkalender","status":"publish","type":"page","link":"https:\/\/www.dstenerife.eu\/de\/serviceinformationen\/ferienkalender\/","title":{"rendered":"Ferienkalender"},"content":{"rendered":"<h2>KiKri, Kindergarten, Grundschule und Sekundaria<\/h2>\n<p>Hier finden Sie die vorl\u00e4ufige \u00dcbersicht \u00fcber die neuen Unterrichts- und Ferienzeiten (<strong>Sekundaria, Grundschule, Kindergarten und KiKri<\/strong>), die ab dem SJ 2025-26 g\u00fcltig sind. Beachten Sie bitte, dass dieser unter Vorbehalt ist, da sich einzelne Ferientage ggf. noch verschieben k\u00f6nnen.<\/p>\n<h2>Ferienkalender 2025-2026<\/h2>\n<p>Hier k\u00f6nnen Sie die vorl\u00e4ufige \u00dcbersicht zu den Unterrichts- und Ferientagen f\u00fcr das Schuljahr 2025-2026 einsehen. Beachten Sie bitte, dass der Kalender f\u00fcr die KiKri vom Kalender f\u00fcr den Kindergarten, die Grundschule und die Sekundaria etwas abweicht.<br \/>\nAlle Terminangaben sind unter Vorbehalt und k\u00f6nnen sich ggf. noch geringf\u00fcgig ver\u00e4ndern.<\/p>\n<h4><\/h4>\n<h4>KiKri 2025-2026<\/h4>\n<p><a href=\"https:\/\/www.dstenerife.eu\/wp-content\/uploads\/2025\/01\/DST-Schulkalender_2025-26.-KiKri.pdf\" target=\"_blank\" rel=\"noopener\">Download PDF<\/a><\/p>\n<a href=\"https:\/\/www.dstenerife.eu\/wp-content\/uploads\/2025\/01\/DST-Schulkalender_2025-26.-KiKri.pdf\" class=\"pdfemb-viewer\" style=\"\" data-width=\"max\" data-height=\"max\" data-toolbar=\"top\" data-toolbar-fixed=\"on\">DST-Schulkalender_2025-26.-KiKri<\/a>\n<h4><\/h4>\n<h4>KiKri 2026-2027<\/h4>\n<p><a href=\"https:\/\/www.dstenerife.eu\/wp-content\/uploads\/2026\/02\/DST-Schulkalender_2026-27-KiKri_V1.pdf\" target=\"_blank\" rel=\"noopener\">Download PDF<\/a><\/p>\n<a href=\"https:\/\/www.dstenerife.eu\/wp-content\/uploads\/2026\/02\/DST-Schulkalender_2026-27-KiKri_V1.pdf\" class=\"pdfemb-viewer\" style=\"\" data-width=\"max\" data-height=\"max\" data-toolbar=\"top\" data-toolbar-fixed=\"on\">DST-Schulkalender_2026-27-KiKri_V1<\/a>\n<h4><\/h4>\n<h4>Kindergarten, Grundschule und Sekundaria 2025-2026<\/h4>\n<p><a href=\"https:\/\/www.dstenerife.eu\/wp-content\/uploads\/2025\/01\/DST-Schulkalender_2025-26.pdf\" target=\"_blank\" rel=\"noopener\">Donwnload PDF<\/a><\/p>\n<a href=\"https:\/\/www.dstenerife.eu\/wp-content\/uploads\/2025\/01\/DST-Schulkalender_2025-26.pdf\" class=\"pdfemb-viewer\" style=\"\" data-width=\"max\" data-height=\"max\" data-toolbar=\"top\" data-toolbar-fixed=\"on\">DST-Schulkalender_2025-26<\/a>\n<p>&nbsp;<\/p>\n<h4>Kindergarten, Grundschule und Sekundaria 2026-2027<\/h4>\n<p><a href=\"https:\/\/www.dstenerife.eu\/wp-content\/uploads\/2026\/02\/DST-Schulkalender_2026-27_V1.pdf\" target=\"_blank\" rel=\"noopener\">Download PDF<\/a><\/p>\n<a href=\"https:\/\/www.dstenerife.eu\/wp-content\/uploads\/2026\/02\/DST-Schulkalender_2026-27_V1.pdf\" class=\"pdfemb-viewer\" style=\"\" data-width=\"max\" data-height=\"max\" data-toolbar=\"top\" data-toolbar-fixed=\"on\">DST-Schulkalender_2026-27_V1<\/a>\n","protected":false},"excerpt":{"rendered":"<p>KiKri, Kindergarten, Grundschule und Sekundaria Hier finden Sie die vorl\u00e4ufige \u00dcbersicht \u00fcber die neuen Unterrichts- und [&hellip;]<\/p>\n","protected":false},"author":10,"featured_media":0,"parent":399,"menu_order":2,"comment_status":"closed","ping_status":"closed","template":"","meta":{"site-sidebar-layout":"no-sidebar","site-content-layout":"default","ast-site-content-layout":"default","site-content-style":"default","site-sidebar-style":"default","ast-global-header-display":"","ast-banner-title-visibility":"","ast-main-header-display":"","ast-hfb-above-header-display":"","ast-hfb-below-header-display":"","ast-hfb-mobile-header-display":"","site-post-title":"","ast-breadcrumbs-content":"","ast-featured-img":"","footer-sml-layout":"","ast-disable-related-posts":"","theme-transparent-header-meta":"default","adv-header-id-meta":"","stick-header-meta":"default","header-above-stick-meta":"","header-main-stick-meta":"","header-below-stick-meta":"","astra-migrate-meta-layouts":"set","ast-page-background-enabled":"default","ast-page-background-meta":{"desktop":{"background-color":"","background-image":"","background-repeat":"repeat","background-position":"center center","background-size":"auto","background-attachment":"scroll","background-type":"","background-media":"","overlay-type":"","overlay-color":"","overlay-opacity":"","overlay-gradient":""},"tablet":{"background-color":"","background-image":"","background-repeat":"repeat","background-position":"center center","background-size":"auto","background-attachment":"scroll","background-type":"","background-media":"","overlay-type":"","overlay-color":"","overlay-opacity":"","overlay-gradient":""},"mobile":{"background-color":"","background-image":"","background-repeat":"repeat","background-position":"center center","background-size":"auto","background-attachment":"scroll","background-type":"","background-media":"","overlay-type":"","overlay-color":"","overlay-opacity":"","overlay-gradient":""}},"ast-content-background-meta":{"desktop":{"background-color":"var(--ast-global-color-5)","background-image":"","background-repeat":"repeat","background-position":"center center","background-size":"auto","background-attachment":"scroll","background-type":"","background-media":"","overlay-type":"","overlay-color":"","overlay-opacity":"","overlay-gradient":""},"tablet":{"background-color":"var(--ast-global-color-5)","background-image":"","background-repeat":"repeat","background-position":"center center","background-size":"auto","background-attachment":"scroll","background-type":"","background-media":"","overlay-type":"","overlay-color":"","overlay-opacity":"","overlay-gradient":""},"mobile":{"background-color":"var(--ast-global-color-5)","background-image":"","background-repeat":"repeat","background-position":"center center","background-size":"auto","background-attachment":"scroll","background-type":"","background-media":"","overlay-type":"","overlay-color":"","overlay-opacity":"","overlay-gradient":""}},"_jet_sm_ready_style":"","_jet_sm_style":"","_jet_sm_controls_values":"","_jet_sm_fonts_collection":"","_jet_sm_fonts_links":"","footnotes":""},"schlagwortedst":[152],"wf_page_folders":[191],"class_list":["post-676","page","type-page","status-publish","hentry","schlagwortedst-sideservice"],"_links":{"self":[{"href":"https:\/\/www.dstenerife.eu\/de\/wp-json\/wp\/v2\/pages\/676","targetHints":{"allow":["GET"]}}],"collection":[{"href":"https:\/\/www.dstenerife.eu\/de\/wp-json\/wp\/v2\/pages"}],"about":[{"href":"https:\/\/www.dstenerife.eu\/de\/wp-json\/wp\/v2\/types\/page"}],"author":[{"embeddable":true,"href":"https:\/\/www.dstenerife.eu\/de\/wp-json\/wp\/v2\/users\/10"}],"replies":[{"embeddable":true,"href":"https:\/\/www.dstenerife.eu\/de\/wp-json\/wp\/v2\/comments?post=676"}],"version-history":[{"count":55,"href":"https:\/\/www.dstenerife.eu\/de\/wp-json\/wp\/v2\/pages\/676\/revisions"}],"predecessor-version":[{"id":105822,"href":"https:\/\/www.dstenerife.eu\/de\/wp-json\/wp\/v2\/pages\/676\/revisions\/105822"}],"up":[{"embeddable":true,"href":"https:\/\/www.dstenerife.eu\/de\/wp-json\/wp\/v2\/pages\/399"}],"wp:attachment":[{"href":"https:\/\/www.dstenerife.eu\/de\/wp-json\/wp\/v2\/media?parent=676"}],"wp:term":[{"taxonomy":"schlagwortedst","embeddable":true,"href":"https:\/\/www.dstenerife.eu\/de\/wp-json\/wp\/v2\/schlagwortedst?post=676"},{"taxonomy":"wf_page_folders","embeddable":true,"href":"https:\/\/www.dstenerife.eu\/de\/wp-json\/wp\/v2\/wf_page_folders?post=676"}],"curies":[{"name":"wp","href":"https:\/\/api.w.org\/{rel}","templated":true}]}}

<h2>KiKri, Kindergarten, Grundschule und Sekundaria</h2>
<p>Hier finden Sie die vorläufige Übersicht über die neuen Unterrichts- und Ferienzeiten (<strong>Sekundaria, Grundschule, Kindergarten und KiKri</strong>), die ab dem SJ 2025-26 gültig sind. Beachten Sie bitte, dass dieser unter Vorbehalt ist, da sich einzelne Ferientage ggf. noch verschieben können.</p>
<h2>Ferienkalender 2025-2026</h2>
<p>Hier können Sie die vorläufige Übersicht zu den Unterrichts- und Ferientagen für das Schuljahr 2025-2026 einsehen. Beachten Sie bitte, dass der Kalender für die KiKri vom Kalender für den Kindergarten, die Grundschule und die Sekundaria etwas abweicht.<br />
Alle Terminangaben sind unter Vorbehalt und können sich ggf. noch geringfügig verändern.</p>
<h4></h4>
<h4>KiKri 2025-2026</h4>
<p><a href="https://www.dstenerife.eu/wp-content/uploads/2025/01/DST-Schulkalender_2025-26.-KiKri.pdf" target="_blank" rel="noopener">Download PDF</a></p>
<a href="https://www.dstenerife.eu/wp-content/uploads/2025/01/DST-Schulkalender_2025-26.-KiKri.pdf" class="pdfemb-viewer" style="" data-width="max" data-height="max" data-toolbar="top" data-toolbar-fixed="on">DST-Schulkalender_2025-26.-KiKri</a>
<h4></h4>
<h4>KiKri 2026-2027</h4>
<p><a href="https://www.dstenerife.eu/wp-content/uploads/2026/02/DST-Schulkalender_2026-27-KiKri_V1.pdf" target="_blank" rel="noopener">Download PDF</a></p>
<a href="https://www.dstenerife.eu/wp-content/uploads/2026/02/DST-Schulkalender_2026-27-KiKri_V1.pdf" class="pdfemb-viewer" style="" data-width="max" data-height="max" data-toolbar="top" data-toolbar-fixed="on">DST-Schulkalender_2026-27-KiKri_V1</a>
<h4></h4>
<h4>Kindergarten, Grundschule und Sekundaria 2025-2026</h4>
<p><a href="https://www.dstenerife.eu/wp-content/uploads/2025/01/DST-Schulkalender_2025-26.pdf" target="_blank" rel="noopener">Donwnload PDF</a></p>
<a href="https://www.dstenerife.eu/wp-content/uploads/2025/01/DST-Schulkalender_2025-26.pdf" class="pdfemb-viewer" style="" data-width="max" data-height="max" data-toolbar="top" data-toolbar-fixed="on">DST-Schulkalender_2025-26</a>
<p>&nbsp;</p>
<h4>Kindergarten, Grundschule und Sekundaria 2026-2027</h4>
<p><a href="https://www.dstenerife.eu/wp-content/uploads/2026/02/DST-Schulkalender_2026-27_V1.pdf" target="_blank" rel="noopener">Download PDF</a></p>
<a href="https://www.dstenerife.eu/wp-content/uploads/2026/02/DST-Schulkalender_2026-27_V1.pdf" class="pdfemb-viewer" style="" data-width="max" data-height="max" data-toolbar="top" data-toolbar-fixed="on">DST-Schulkalender_2026-27_V1</a>

<p>KiKri, Kindergarten, Grundschule und Sekundaria Hier finden Sie die vorläufige Übersicht über die neuen Unterrichts- und [&hellip;]</p>
