{"id":10862,"date":"2015-06-29T22:18:09","date_gmt":"2015-06-29T21:18:09","guid":{"rendered":"https:\/\/kopie.dst.deutsche-schule.eu\/?page_id=10862\/"},"modified":"2024-09-27T08:46:13","modified_gmt":"2024-09-27T07:46:13","slug":"religion","status":"publish","type":"page","link":"https:\/\/www.dstenerife.eu\/es\/secundaria-y-bachilerato\/asignaturas-secundaria\/religion\/","title":{"rendered":"Religi\u00f3n"},"content":{"rendered":"<p>En el Colegio Alem\u00e1n Santa Cruz de Tenerife se imparte la asignatura de Religi\u00f3n en alem\u00e1n a partir de primero de Primaria. Los alumnos pueden elegir entre las asignaturas de Religi\u00f3n o en \u00c9tica al final de la clase 4\/ principio de la clase 5 (formulario en la p\u00e1gina Web). Se pueden realizar cambios, previa solicitud escrita y aprobaci\u00f3n de la direcci\u00f3n, en las dos primeras semanas lectivas del curso escolar.<\/p>\n<p>&nbsp;<\/p>\n<p>En las clases 5-9 del Colegio Alem\u00e1n Santa Cruz de Tenerife se imparten dos horas semanales de Religi\u00f3n, la mayor\u00eda de las veces se trata de horas continuas en grupos mixtos por curso.<\/p>\n<p>En la Secundaria se ampl\u00eda y contin\u00faa impartiendo los contenidos tratados en la Primaria, siguiendo las directrices del plan de estudios de Turingia (Alemania) para la adquisici\u00f3n del Examen de Madurez (Teolog\u00eda Cat\u00f3lica, 2013).<\/p>\n<p>En la clase de Religi\u00f3n se tiene en cuenta los diferentes mundos de los ni\u00f1os y adolescentes, partiendo de las experiencias cotidianas de los alumnos, que son continuamente tratadas y en las que se profundiza.<\/p>\n<p>La asignatura de Religi\u00f3n tiene por un lado la misi\u00f3n de trasmitir la formaci\u00f3n religiosa desde una perspectiva confesional de la comunidad creyente y por otro lado, respeta la situaci\u00f3n de aquellos alumnos que no est\u00e1n ligados a la Religi\u00f3n y no viven la fe de la comunidad, por lo que su religi\u00f3n y su fe no est\u00e1n ligadas a la Iglesia o la tradici\u00f3n.<\/p>\n<p>Las clases de Religi\u00f3n por lo tanto se ajustan a lo siguiente:<\/p>\n<p>* Conocimientos religiosos b\u00e1sicos<\/p>\n<p>* Desarrollo del lenguaje y la orientaci\u00f3n religiosa<\/p>\n<p>* Conocer las formas de vivir la fe<\/p>\n<p>Adem\u00e1s de aptitudes, como la responsabilidad, el amor a la libertad, el respeto, la justicia y la solidaridad, que tambi\u00e9n se promueven en el resto de asignaturas, en las clases de Religi\u00f3n se centra en la formaci\u00f3n de actitudes cristianas (preguntas como \u201cde d\u00f3nde\u201d, \u201chacia d\u00f3nde\u201d y \u201cpor qu\u00e9\u201d de la vida \/ afirmaci\u00f3n de la vida \/ agradecimiento y responsabilidad por la propia vida y toda la creaci\u00f3n \/ sensibilidad hacia la vida ajena \/ esperanza de reconciliaci\u00f3n a trav\u00e9s del m\u00e1s all\u00e1 de la muerte \/ apreciar la fe cristiana). El \u00a0objetivo de las clases es ser capaz de tomar decisiones propias en cuestiones religiosas y \u00e9ticas, y tener el valor de desarrollar su vida en un contexto religioso.<\/p>\n<p>Las \u00e1reas de aprendizaje indicadas en el plan de estudios forman el contenido de las cuestiones religiosas a tratar. Confieren unos conocimientos b\u00e1sicos sobre la fe cristiana, otras religiones y filosof\u00edas.<\/p>\n<p>*Tema 1: Las personas interpretan sus vidas y buscan a Dios<\/p>\n<p>*Tema 2: Tratar el mensaje de la Biblia como base de la fe<\/p>\n<p>*Tema 3: Descubrir el presente y pasado de la comunidad creyente<\/p>\n<p>Las \u00e1reas de aprendizaje no pueden considerarse de forma aislada. Es m\u00e1s, los temas se relacionan entre s\u00ed, para lo que se utilizan las descripciones de competencias como gu\u00eda, que muestran los requisitos m\u00ednimos de contenido. Los t\u00e9rminos interdisciplinarios y la consideraci\u00f3n del idioma \u201cClases de las materias en alem\u00e1n\u201d (DFU) nos son muy importantes y nos esforzamos en ello.<\/p>\n<p><strong>Por favor tenga en cuenta:<\/strong><\/p>\n<p><strong>Cambio entre las asignaturas Religi\u00f3n y \u00c9tica<br \/>\n<\/strong><\/p>\n<p><strong>Un cambio entre las asignaturas de Religi\u00f3n y \u00c9tica solo ser\u00e1 posible en casos excepcionales y previa solicitud y aprobaci\u00f3n de la direcci\u00f3n en las primeras dos semanas lectivas del nuevo curso escolar.<\/strong><\/p>\n<p>Curriculum de Religi\u00f3n para las clases 5 y 6:<\/p>\n<a href=\"https:\/\/www.dstenerife.eu\/wp-content\/uploads\/2015\/06\/Schulcurriculum_Religion_5-6.pdf\" class=\"pdfemb-viewer\" style=\"\" data-width=\"max\" data-height=\"max\" data-toolbar=\"top\" data-toolbar-fixed=\"on\">Curriculum de Religi\u00f3n para las clases 5 y 6<\/a>\n<p>Curriculum de Religi\u00f3n para las clases 7 y 8:<\/p>\n<a href=\"https:\/\/www.dstenerife.eu\/wp-content\/uploads\/2015\/06\/Schulurriculum-Religion-7-und-8.pdf\" class=\"pdfemb-viewer\" style=\"\" data-width=\"max\" data-height=\"max\" data-toolbar=\"top\" data-toolbar-fixed=\"on\">Curriculum de Religi\u00f3n para las clases 7 y 8<\/a>\n<p>Curriculum de Religi\u00f3n para la clase 9<\/p>\n<a href=\"https:\/\/www.dstenerife.eu\/wp-content\/uploads\/2024\/09\/Curriculum-Religion-9.pdf\" class=\"pdfemb-viewer\" style=\"\" data-width=\"max\" data-height=\"max\" data-toolbar=\"top\" data-toolbar-fixed=\"on\">Curriculum de Religi\u00f3n para la clase 9<\/a>\n<p>&nbsp;<\/p>\n<p>&nbsp;<\/p>\n","protected":false},"excerpt":{"rendered":"<p>En el Colegio Alem\u00e1n Santa Cruz de Tenerife se imparte la asignatura de Religi\u00f3n en alem\u00e1n [&hellip;]<\/p>\n","protected":false},"author":10,"featured_media":0,"parent":1910,"menu_order":13,"comment_status":"closed","ping_status":"closed","template":"","meta":{"site-sidebar-layout":"default","site-content-layout":"default","ast-site-content-layout":"default","site-content-style":"default","site-sidebar-style":"default","ast-global-header-display":"","ast-banner-title-visibility":"","ast-main-header-display":"","ast-hfb-above-header-display":"","ast-hfb-below-header-display":"","ast-hfb-mobile-header-display":"","site-post-title":"","ast-breadcrumbs-content":"","ast-featured-img":"","footer-sml-layout":"","ast-disable-related-posts":"","theme-transparent-header-meta":"default","adv-header-id-meta":"","stick-header-meta":"default","header-above-stick-meta":"","header-main-stick-meta":"","header-below-stick-meta":"","astra-migrate-meta-layouts":"set","ast-page-background-enabled":"default","ast-page-background-meta":{"desktop":{"background-color":"","background-image":"","background-repeat":"repeat","background-position":"center center","background-size":"auto","background-attachment":"scroll","background-type":"","background-media":"","overlay-type":"","overlay-color":"","overlay-opacity":"","overlay-gradient":""},"tablet":{"background-color":"","background-image":"","background-repeat":"repeat","background-position":"center center","background-size":"auto","background-attachment":"scroll","background-type":"","background-media":"","overlay-type":"","overlay-color":"","overlay-opacity":"","overlay-gradient":""},"mobile":{"background-color":"","background-image":"","background-repeat":"repeat","background-position":"center center","background-size":"auto","background-attachment":"scroll","background-type":"","background-media":"","overlay-type":"","overlay-color":"","overlay-opacity":"","overlay-gradient":""}},"ast-content-background-meta":{"desktop":{"background-color":"var(--ast-global-color-5)","background-image":"","background-repeat":"repeat","background-position":"center center","background-size":"auto","background-attachment":"scroll","background-type":"","background-media":"","overlay-type":"","overlay-color":"","overlay-opacity":"","overlay-gradient":""},"tablet":{"background-color":"var(--ast-global-color-5)","background-image":"","background-repeat":"repeat","background-position":"center center","background-size":"auto","background-attachment":"scroll","background-type":"","background-media":"","overlay-type":"","overlay-color":"","overlay-opacity":"","overlay-gradient":""},"mobile":{"background-color":"var(--ast-global-color-5)","background-image":"","background-repeat":"repeat","background-position":"center center","background-size":"auto","background-attachment":"scroll","background-type":"","background-media":"","overlay-type":"","overlay-color":"","overlay-opacity":"","overlay-gradient":""}},"_jet_sm_ready_style":"","_jet_sm_style":"","_jet_sm_controls_values":"","_jet_sm_fonts_collection":"","_jet_sm_fonts_links":"","footnotes":""},"schlagwortedst":[151],"wf_page_folders":[185,203,208],"class_list":["post-10862","page","type-page","status-publish","hentry","schlagwortedst-sidesek"],"_links":{"self":[{"href":"https:\/\/www.dstenerife.eu\/es\/wp-json\/wp\/v2\/pages\/10862","targetHints":{"allow":["GET"]}}],"collection":[{"href":"https:\/\/www.dstenerife.eu\/es\/wp-json\/wp\/v2\/pages"}],"about":[{"href":"https:\/\/www.dstenerife.eu\/es\/wp-json\/wp\/v2\/types\/page"}],"author":[{"embeddable":true,"href":"https:\/\/www.dstenerife.eu\/es\/wp-json\/wp\/v2\/users\/10"}],"replies":[{"embeddable":true,"href":"https:\/\/www.dstenerife.eu\/es\/wp-json\/wp\/v2\/comments?post=10862"}],"version-history":[{"count":2,"href":"https:\/\/www.dstenerife.eu\/es\/wp-json\/wp\/v2\/pages\/10862\/revisions"}],"predecessor-version":[{"id":84116,"href":"https:\/\/www.dstenerife.eu\/es\/wp-json\/wp\/v2\/pages\/10862\/revisions\/84116"}],"up":[{"embeddable":true,"href":"https:\/\/www.dstenerife.eu\/es\/wp-json\/wp\/v2\/pages\/1910"}],"wp:attachment":[{"href":"https:\/\/www.dstenerife.eu\/es\/wp-json\/wp\/v2\/media?parent=10862"}],"wp:term":[{"taxonomy":"schlagwortedst","embeddable":true,"href":"https:\/\/www.dstenerife.eu\/es\/wp-json\/wp\/v2\/schlagwortedst?post=10862"},{"taxonomy":"wf_page_folders","embeddable":true,"href":"https:\/\/www.dstenerife.eu\/es\/wp-json\/wp\/v2\/wf_page_folders?post=10862"}],"curies":[{"name":"wp","href":"https:\/\/api.w.org\/{rel}","templated":true}]}}

Religión

<p>En el Colegio Alemán Santa Cruz de Tenerife se imparte la asignatura de Religión en alemán a partir de primero de Primaria. Los alumnos pueden elegir entre las asignaturas de Religión o en Ética al final de la clase 4/ principio de la clase 5 (formulario en la página Web). Se pueden realizar cambios, previa solicitud escrita y aprobación de la dirección, en las dos primeras semanas lectivas del curso escolar.</p>
<p>&nbsp;</p>
<p>En las clases 5-9 del Colegio Alemán Santa Cruz de Tenerife se imparten dos horas semanales de Religión, la mayoría de las veces se trata de horas continuas en grupos mixtos por curso.</p>
<p>En la Secundaria se amplía y continúa impartiendo los contenidos tratados en la Primaria, siguiendo las directrices del plan de estudios de Turingia (Alemania) para la adquisición del Examen de Madurez (Teología Católica, 2013).</p>
<p>En la clase de Religión se tiene en cuenta los diferentes mundos de los niños y adolescentes, partiendo de las experiencias cotidianas de los alumnos, que son continuamente tratadas y en las que se profundiza.</p>
<p>La asignatura de Religión tiene por un lado la misión de trasmitir la formación religiosa desde una perspectiva confesional de la comunidad creyente y por otro lado, respeta la situación de aquellos alumnos que no están ligados a la Religión y no viven la fe de la comunidad, por lo que su religión y su fe no están ligadas a la Iglesia o la tradición.</p>
<p>Las clases de Religión por lo tanto se ajustan a lo siguiente:</p>
<p>* Conocimientos religiosos básicos</p>
<p>* Desarrollo del lenguaje y la orientación religiosa</p>
<p>* Conocer las formas de vivir la fe</p>
<p>Además de aptitudes, como la responsabilidad, el amor a la libertad, el respeto, la justicia y la solidaridad, que también se promueven en el resto de asignaturas, en las clases de Religión se centra en la formación de actitudes cristianas (preguntas como “de dónde”, “hacia dónde” y “por qué” de la vida / afirmación de la vida / agradecimiento y responsabilidad por la propia vida y toda la creación / sensibilidad hacia la vida ajena / esperanza de reconciliación a través del más allá de la muerte / apreciar la fe cristiana). El  objetivo de las clases es ser capaz de tomar decisiones propias en cuestiones religiosas y éticas, y tener el valor de desarrollar su vida en un contexto religioso.</p>
<p>Las áreas de aprendizaje indicadas en el plan de estudios forman el contenido de las cuestiones religiosas a tratar. Confieren unos conocimientos básicos sobre la fe cristiana, otras religiones y filosofías.</p>
<p>*Tema 1: Las personas interpretan sus vidas y buscan a Dios</p>
<p>*Tema 2: Tratar el mensaje de la Biblia como base de la fe</p>
<p>*Tema 3: Descubrir el presente y pasado de la comunidad creyente</p>
<p>Las áreas de aprendizaje no pueden considerarse de forma aislada. Es más, los temas se relacionan entre sí, para lo que se utilizan las descripciones de competencias como guía, que muestran los requisitos mínimos de contenido. Los términos interdisciplinarios y la consideración del idioma “Clases de las materias en alemán” (DFU) nos son muy importantes y nos esforzamos en ello.</p>
<p><strong>Por favor tenga en cuenta:</strong></p>
<p><strong>Cambio entre las asignaturas Religión y Ética<br />
</strong></p>
<p><strong>Un cambio entre las asignaturas de Religión y Ética solo será posible en casos excepcionales y previa solicitud y aprobación de la dirección en las primeras dos semanas lectivas del nuevo curso escolar.</strong></p>
<p>Curriculum de Religión para las clases 5 y 6:</p>
<a href="https://www.dstenerife.eu/wp-content/uploads/2015/06/Schulcurriculum_Religion_5-6.pdf" class="pdfemb-viewer" style="" data-width="max" data-height="max" data-toolbar="top" data-toolbar-fixed="on">Curriculum de Religión para las clases 5 y 6</a>
<p>Curriculum de Religión para las clases 7 y 8:</p>
<a href="https://www.dstenerife.eu/wp-content/uploads/2015/06/Schulurriculum-Religion-7-und-8.pdf" class="pdfemb-viewer" style="" data-width="max" data-height="max" data-toolbar="top" data-toolbar-fixed="on">Curriculum de Religión para las clases 7 y 8</a>
<p>Curriculum de Religión para la clase 9</p>
<a href="https://www.dstenerife.eu/wp-content/uploads/2024/09/Curriculum-Religion-9.pdf" class="pdfemb-viewer" style="" data-width="max" data-height="max" data-toolbar="top" data-toolbar-fixed="on">Curriculum de Religión para la clase 9</a>
<p>&nbsp;</p>
<p>&nbsp;</p>

<p>En el Colegio Alemán Santa Cruz de Tenerife se imparte la asignatura de Religión en alemán [&hellip;]</p>
