{"id":15102,"date":"2018-01-25T15:37:07","date_gmt":"2018-01-25T15:37:07","guid":{"rendered":"https:\/\/kopie.dst.deutsche-schule.eu\/?page_id=15102\/"},"modified":"2021-03-07T05:48:18","modified_gmt":"2021-03-07T05:48:18","slug":"pruebas-de-diagnostico-lingueistico-en-las-clases-5-8","status":"publish","type":"page","link":"https:\/\/www.dstenerife.eu\/es\/concepcion-del-idioma-aleman\/pruebas-de-diagnostico-lingueistico-en-las-clases-5-8\/","title":{"rendered":"Pruebas de diagn\u00f3stico ling\u00fc\u00edstico en las clases 5-8"},"content":{"rendered":"<p>Al inicio del a\u00f1o escolar, en las clases 5-8, se realizar\u00e1n pruebas de diagn\u00f3stico ling\u00fc\u00edstico (una parte oral y una escrita). En virtud de los resultados que viertan dichas pruebas, los alumnos y las alumnas ser\u00e1n distribuidos en grupos diferenciados que se corresponder\u00e1n con su nivel idiom\u00e1tico.<\/p>\n<p><img fetchpriority=\"high\" decoding=\"async\" class=\"wp-image-13353 alignleft\" src=\"https:\/\/e969z83yjsq.exactdn.com\/wp-content\/uploads\/2017\/10\/K1600_IMG_3087-interlace-1.jpg?strip=all\" alt=\"\" width=\"365\" height=\"331\" srcset=\"https:\/\/e969z83yjsq.exactdn.com\/wp-content\/uploads\/2017\/10\/K1600_IMG_3087-interlace-1.jpg?strip=all 1131w, https:\/\/e969z83yjsq.exactdn.com\/wp-content\/uploads\/2017\/10\/K1600_IMG_3087-interlace-1-640x580.jpg?strip=all 640w, https:\/\/e969z83yjsq.exactdn.com\/wp-content\/uploads\/2017\/10\/K1600_IMG_3087-interlace-1-180x163.jpg?strip=all 180w, https:\/\/e969z83yjsq.exactdn.com\/wp-content\/uploads\/2017\/10\/K1600_IMG_3087-interlace-1-768x696.jpg?strip=all 768w, https:\/\/e969z83yjsq.exactdn.com\/wp-content\/uploads\/2017\/10\/K1600_IMG_3087-interlace-1-331x300.jpg?strip=all 331w, https:\/\/e969z83yjsq.exactdn.com\/wp-content\/uploads\/2017\/10\/K1600_IMG_3087-interlace-1.jpg?strip=all&amp;w=452 452w, https:\/\/e969z83yjsq.exactdn.com\/wp-content\/uploads\/2017\/10\/K1600_IMG_3087-interlace-1.jpg?strip=all&amp;w=904 904w\" sizes=\"(max-width: 365px) 100vw, 365px\" \/><\/p>\n<p>Con el fin de contrarrestar la p\u00e9rdida del nivel del idioma del alumnado durante las vacaciones de verano, se les insta a leer al menos un libro en alem\u00e1n en calidad de lectura obligatoria durante dichas vacaciones, cuya tem\u00e1tica puede ser objeto de la prueba de diagn\u00f3stico ling\u00fc\u00edstico al inicio del a\u00f1o escolar. La parte oral de la prueba se realiza a trav\u00e9s de una conversaci\u00f3n grupal. En cada conversaci\u00f3n participar\u00e1n tres alumnos\/as, que se sientan frente a frente en una mesa. Inmediatamente antes de comenzar la prueba, cada alumno\/a recibe<\/p>\n<p>tres (peque\u00f1as) preguntas relacionadas con el contenido y los personajes del libro que ha le\u00eddo, o bien con otros temas. Los alumnos se preguntan mutuamente y contestan a las preguntas. De esta manera se propicia una conversaci\u00f3n entre alumnos en un ambiente distendido, en la que los profesores de alem\u00e1n s\u00f3lo intervendr\u00e1n en casos excepcionales. Cada profesor, de forma independiente, tomar\u00e1 nota sobre el transcurso de la conversaci\u00f3n y evaluar\u00e1 el nivel ling\u00fc\u00edstico de los\/as alumnos\/as utilizando una r\u00fabrica est\u00e1ndar basada en descriptores. El contenido de la parte escrita de la prueba de diagn\u00f3stico ling\u00fc\u00edstico se centra en realizar una tarea relacionada con la producci\u00f3n textual (Requisitos I y II).<\/p>\n<p>&nbsp;<\/p>\n<p><img decoding=\"async\" class=\"size-full wp-image-15241 alignleft\" src=\"https:\/\/e969z83yjsq.exactdn.com\/wp-content\/uploads\/2018\/01\/Sprachstanderhebung-Graphik-Sek.png?strip=all\" alt=\"\" width=\"320\" height=\"205\" srcset=\"https:\/\/e969z83yjsq.exactdn.com\/wp-content\/uploads\/2018\/01\/Sprachstanderhebung-Graphik-Sek.png?strip=all 320w, https:\/\/e969z83yjsq.exactdn.com\/wp-content\/uploads\/2018\/01\/Sprachstanderhebung-Graphik-Sek-180x115.png?strip=all 180w, https:\/\/e969z83yjsq.exactdn.com\/wp-content\/uploads\/2018\/01\/Sprachstanderhebung-Graphik-Sek.png?strip=all&amp;w=64 64w, https:\/\/e969z83yjsq.exactdn.com\/wp-content\/uploads\/2018\/01\/Sprachstanderhebung-Graphik-Sek.png?strip=all&amp;w=128 128w, https:\/\/e969z83yjsq.exactdn.com\/wp-content\/uploads\/2018\/01\/Sprachstanderhebung-Graphik-Sek.png?strip=all&amp;w=256 256w\" sizes=\"(max-width: 320px) 100vw, 320px\" \/><\/p>\n<p>&nbsp;<\/p>\n<p><img decoding=\"async\" class=\"wp-image-13307 alignleft\" src=\"https:\/\/e969z83yjsq.exactdn.com\/wp-content\/uploads\/2017\/10\/Deutschkonzept-Abb-07-1.png?strip=all\" alt=\"\" width=\"330\" height=\"172\" srcset=\"https:\/\/e969z83yjsq.exactdn.com\/wp-content\/uploads\/2017\/10\/Deutschkonzept-Abb-07-1.png?strip=all 500w, https:\/\/e969z83yjsq.exactdn.com\/wp-content\/uploads\/2017\/10\/Deutschkonzept-Abb-07-1-180x94.png?strip=all 180w, https:\/\/e969z83yjsq.exactdn.com\/wp-content\/uploads\/2017\/10\/Deutschkonzept-Abb-07-1.png?strip=all&amp;w=100 100w, https:\/\/e969z83yjsq.exactdn.com\/wp-content\/uploads\/2017\/10\/Deutschkonzept-Abb-07-1.png?strip=all&amp;w=300 300w, https:\/\/e969z83yjsq.exactdn.com\/wp-content\/uploads\/2017\/10\/Deutschkonzept-Abb-07-1.png?strip=all&amp;w=400 400w\" sizes=\"(max-width: 330px) 100vw, 330px\" \/><\/p>\n","protected":false},"excerpt":{"rendered":"<p>Al inicio del a\u00f1o escolar, en las clases 5-8, se realizar\u00e1n pruebas de diagn\u00f3stico ling\u00fc\u00edstico (una [&hellip;]<\/p>\n","protected":false},"author":10,"featured_media":0,"parent":15205,"menu_order":5,"comment_status":"closed","ping_status":"closed","template":"","meta":{"site-sidebar-layout":"default","site-content-layout":"","ast-site-content-layout":"default","site-content-style":"default","site-sidebar-style":"default","ast-global-header-display":"","ast-banner-title-visibility":"","ast-main-header-display":"","ast-hfb-above-header-display":"","ast-hfb-below-header-display":"","ast-hfb-mobile-header-display":"","site-post-title":"","ast-breadcrumbs-content":"","ast-featured-img":"","footer-sml-layout":"","ast-disable-related-posts":"","theme-transparent-header-meta":"","adv-header-id-meta":"","stick-header-meta":"","header-above-stick-meta":"","header-main-stick-meta":"","header-below-stick-meta":"","astra-migrate-meta-layouts":"default","ast-page-background-enabled":"default","ast-page-background-meta":{"desktop":{"background-color":"","background-image":"","background-repeat":"repeat","background-position":"center center","background-size":"auto","background-attachment":"scroll","background-type":"","background-media":"","overlay-type":"","overlay-color":"","overlay-opacity":"","overlay-gradient":""},"tablet":{"background-color":"","background-image":"","background-repeat":"repeat","background-position":"center center","background-size":"auto","background-attachment":"scroll","background-type":"","background-media":"","overlay-type":"","overlay-color":"","overlay-opacity":"","overlay-gradient":""},"mobile":{"background-color":"","background-image":"","background-repeat":"repeat","background-position":"center center","background-size":"auto","background-attachment":"scroll","background-type":"","background-media":"","overlay-type":"","overlay-color":"","overlay-opacity":"","overlay-gradient":""}},"ast-content-background-meta":{"desktop":{"background-color":"var(--ast-global-color-5)","background-image":"","background-repeat":"repeat","background-position":"center center","background-size":"auto","background-attachment":"scroll","background-type":"","background-media":"","overlay-type":"","overlay-color":"","overlay-opacity":"","overlay-gradient":""},"tablet":{"background-color":"var(--ast-global-color-5)","background-image":"","background-repeat":"repeat","background-position":"center center","background-size":"auto","background-attachment":"scroll","background-type":"","background-media":"","overlay-type":"","overlay-color":"","overlay-opacity":"","overlay-gradient":""},"mobile":{"background-color":"var(--ast-global-color-5)","background-image":"","background-repeat":"repeat","background-position":"center center","background-size":"auto","background-attachment":"scroll","background-type":"","background-media":"","overlay-type":"","overlay-color":"","overlay-opacity":"","overlay-gradient":""}},"_jet_sm_ready_style":"","_jet_sm_style":"","_jet_sm_controls_values":"","_jet_sm_fonts_collection":"","_jet_sm_fonts_links":"","footnotes":""},"schlagwortedst":[],"wf_page_folders":[],"class_list":["post-15102","page","type-page","status-publish","hentry"],"_links":{"self":[{"href":"https:\/\/www.dstenerife.eu\/es\/wp-json\/wp\/v2\/pages\/15102","targetHints":{"allow":["GET"]}}],"collection":[{"href":"https:\/\/www.dstenerife.eu\/es\/wp-json\/wp\/v2\/pages"}],"about":[{"href":"https:\/\/www.dstenerife.eu\/es\/wp-json\/wp\/v2\/types\/page"}],"author":[{"embeddable":true,"href":"https:\/\/www.dstenerife.eu\/es\/wp-json\/wp\/v2\/users\/10"}],"replies":[{"embeddable":true,"href":"https:\/\/www.dstenerife.eu\/es\/wp-json\/wp\/v2\/comments?post=15102"}],"version-history":[{"count":0,"href":"https:\/\/www.dstenerife.eu\/es\/wp-json\/wp\/v2\/pages\/15102\/revisions"}],"up":[{"embeddable":true,"href":"https:\/\/www.dstenerife.eu\/es\/wp-json\/wp\/v2\/pages\/15205"}],"wp:attachment":[{"href":"https:\/\/www.dstenerife.eu\/es\/wp-json\/wp\/v2\/media?parent=15102"}],"wp:term":[{"taxonomy":"schlagwortedst","embeddable":true,"href":"https:\/\/www.dstenerife.eu\/es\/wp-json\/wp\/v2\/schlagwortedst?post=15102"},{"taxonomy":"wf_page_folders","embeddable":true,"href":"https:\/\/www.dstenerife.eu\/es\/wp-json\/wp\/v2\/wf_page_folders?post=15102"}],"curies":[{"name":"wp","href":"https:\/\/api.w.org\/{rel}","templated":true}]}}

Pruebas de diagnóstico lingüístico en las clases 5-8

<p>Al inicio del año escolar, en las clases 5-8, se realizarán pruebas de diagnóstico lingüístico (una parte oral y una escrita). En virtud de los resultados que viertan dichas pruebas, los alumnos y las alumnas serán distribuidos en grupos diferenciados que se corresponderán con su nivel idiomático.</p>
<p><img fetchpriority="high" decoding="async" class="wp-image-13353 alignleft" src="https://e969z83yjsq.exactdn.com/wp-content/uploads/2017/10/K1600_IMG_3087-interlace-1.jpg?strip=all" alt="" width="365" height="331" srcset="https://e969z83yjsq.exactdn.com/wp-content/uploads/2017/10/K1600_IMG_3087-interlace-1.jpg?strip=all 1131w, https://e969z83yjsq.exactdn.com/wp-content/uploads/2017/10/K1600_IMG_3087-interlace-1-640x580.jpg?strip=all 640w, https://e969z83yjsq.exactdn.com/wp-content/uploads/2017/10/K1600_IMG_3087-interlace-1-180x163.jpg?strip=all 180w, https://e969z83yjsq.exactdn.com/wp-content/uploads/2017/10/K1600_IMG_3087-interlace-1-768x696.jpg?strip=all 768w, https://e969z83yjsq.exactdn.com/wp-content/uploads/2017/10/K1600_IMG_3087-interlace-1-331x300.jpg?strip=all 331w, https://e969z83yjsq.exactdn.com/wp-content/uploads/2017/10/K1600_IMG_3087-interlace-1.jpg?strip=all&amp;w=452 452w, https://e969z83yjsq.exactdn.com/wp-content/uploads/2017/10/K1600_IMG_3087-interlace-1.jpg?strip=all&amp;w=904 904w" sizes="(max-width: 365px) 100vw, 365px" /></p>
<p>Con el fin de contrarrestar la pérdida del nivel del idioma del alumnado durante las vacaciones de verano, se les insta a leer al menos un libro en alemán en calidad de lectura obligatoria durante dichas vacaciones, cuya temática puede ser objeto de la prueba de diagnóstico lingüístico al inicio del año escolar. La parte oral de la prueba se realiza a través de una conversación grupal. En cada conversación participarán tres alumnos/as, que se sientan frente a frente en una mesa. Inmediatamente antes de comenzar la prueba, cada alumno/a recibe</p>
<p>tres (pequeñas) preguntas relacionadas con el contenido y los personajes del libro que ha leído, o bien con otros temas. Los alumnos se preguntan mutuamente y contestan a las preguntas. De esta manera se propicia una conversación entre alumnos en un ambiente distendido, en la que los profesores de alemán sólo intervendrán en casos excepcionales. Cada profesor, de forma independiente, tomará nota sobre el transcurso de la conversación y evaluará el nivel lingüístico de los/as alumnos/as utilizando una rúbrica estándar basada en descriptores. El contenido de la parte escrita de la prueba de diagnóstico lingüístico se centra en realizar una tarea relacionada con la producción textual (Requisitos I y II).</p>
<p>&nbsp;</p>
<p><img decoding="async" class="size-full wp-image-15241 alignleft" src="https://e969z83yjsq.exactdn.com/wp-content/uploads/2018/01/Sprachstanderhebung-Graphik-Sek.png?strip=all" alt="" width="320" height="205" srcset="https://e969z83yjsq.exactdn.com/wp-content/uploads/2018/01/Sprachstanderhebung-Graphik-Sek.png?strip=all 320w, https://e969z83yjsq.exactdn.com/wp-content/uploads/2018/01/Sprachstanderhebung-Graphik-Sek-180x115.png?strip=all 180w, https://e969z83yjsq.exactdn.com/wp-content/uploads/2018/01/Sprachstanderhebung-Graphik-Sek.png?strip=all&amp;w=64 64w, https://e969z83yjsq.exactdn.com/wp-content/uploads/2018/01/Sprachstanderhebung-Graphik-Sek.png?strip=all&amp;w=128 128w, https://e969z83yjsq.exactdn.com/wp-content/uploads/2018/01/Sprachstanderhebung-Graphik-Sek.png?strip=all&amp;w=256 256w" sizes="(max-width: 320px) 100vw, 320px" /></p>
<p>&nbsp;</p>
<p><img decoding="async" class="wp-image-13307 alignleft" src="https://e969z83yjsq.exactdn.com/wp-content/uploads/2017/10/Deutschkonzept-Abb-07-1.png?strip=all" alt="" width="330" height="172" srcset="https://e969z83yjsq.exactdn.com/wp-content/uploads/2017/10/Deutschkonzept-Abb-07-1.png?strip=all 500w, https://e969z83yjsq.exactdn.com/wp-content/uploads/2017/10/Deutschkonzept-Abb-07-1-180x94.png?strip=all 180w, https://e969z83yjsq.exactdn.com/wp-content/uploads/2017/10/Deutschkonzept-Abb-07-1.png?strip=all&amp;w=100 100w, https://e969z83yjsq.exactdn.com/wp-content/uploads/2017/10/Deutschkonzept-Abb-07-1.png?strip=all&amp;w=300 300w, https://e969z83yjsq.exactdn.com/wp-content/uploads/2017/10/Deutschkonzept-Abb-07-1.png?strip=all&amp;w=400 400w" sizes="(max-width: 330px) 100vw, 330px" /></p>

<p>Al inicio del año escolar, en las clases 5-8, se realizarán pruebas de diagnóstico lingüístico (una [&hellip;]</p>
