{"id":15205,"date":"2018-01-27T18:30:01","date_gmt":"2018-01-27T18:30:01","guid":{"rendered":"https:\/\/kopie.dst.deutsche-schule.eu\/?page_id=15205\/"},"modified":"2018-01-27T18:35:55","modified_gmt":"2018-01-27T18:35:55","slug":"concepcion-del-idioma-aleman","status":"publish","type":"page","link":"https:\/\/www.dstenerife.eu\/es\/concepcion-del-idioma-aleman\/","title":{"rendered":"Concepci\u00f3n del idioma alem\u00e1n"},"content":{"rendered":"<p><strong>Estructura de la ense\u00f1anza en equipo<\/strong><\/p>\n<p>Todos los proyectos de ense\u00f1anza en la asignatura de alem\u00e1n se planean conjuntamente en cuanto a contenido y metodolog\u00eda, y se llevan a cabo siguiendo los enfoques de incentivaci\u00f3n y refuerzo acordados para las horas en que se dividen en peque\u00f1os grupos. En todas las horas de ense\u00f1anza en equipo, la profesora de alem\u00e1n de la clase paralela, actuar\u00e1 como profesora parcial, ya que, para nosotros, el efecto que causa un partner de referencia fiable y familiar para avanzar en el aprendizaje no es en absoluto irrelevante.<br \/>\nPara el profesorado es importante que se mantenga un m\u00e1ximo de flexibilidad durante el tiempo dedicado al aprendizaje. De esta forma es posible apoyar al alumnado individualmente, as\u00ed como acompa\u00f1arlo en las fases de trabajo individual, por parejas o grupal, al igual que en el trabajo libre y\/o planificado con toda su clase, as\u00ed como dividirlo temporalmente en peque\u00f1os grupos. Al personal de pr\u00e1cticas siempre se le integra para dar apoyo.<br \/>\nNuestra experiencia nos indica, que especialmente aquellos que aprenden idiomas extranjeros, no se pueden encasillar forzosamente en un \u00fanico nivel de rendimiento en las diferentes sub\u00e1reas de las clases de alem\u00e1n.<br \/>\nEn caso de sustituci\u00f3n, podemos prescindir de duplicar las funciones. En dicho caso nos ocuparemos de garantizar la continuidad del trabajo, que se centrar\u00e1 en las prioridades de cada alumno o de los peque\u00f1os grupos, gracias a la asistencia de un profesor en pr\u00e1cticas, que se adaptar\u00e1 a las necesidades y servir\u00e1 de apoyo. Para ello, todos los grupos de aprendizaje se han habituado a organizar el trabajo de forma aut\u00f3noma (p.ej. planes de trabajo, planificaciones de trabajo semanal, \u2026).<br \/>\nEn la pr\u00e1ctica, desde que se implantaron las modificaciones en la estructura de trabajo, la orientaci\u00f3n de contenidos se ha apoyado en el libro de texto \u00abDer-Die-Das\u00bb y en su material adicional, para garantizar la equidad en el rendimiento del alumnado.<\/p>\n<p><img fetchpriority=\"high\" decoding=\"async\" class=\"wp-image-15209 aligncenter\" src=\"https:\/\/e969z83yjsq.exactdn.com\/wp-content\/uploads\/2018\/01\/Deutschkonzept-3SuS-GS-.png?strip=all\" alt=\"\" width=\"549\" height=\"377\" srcset=\"https:\/\/e969z83yjsq.exactdn.com\/wp-content\/uploads\/2018\/01\/Deutschkonzept-3SuS-GS-.png?strip=all 721w, https:\/\/e969z83yjsq.exactdn.com\/wp-content\/uploads\/2018\/01\/Deutschkonzept-3SuS-GS--640x439.png?strip=all 640w, https:\/\/e969z83yjsq.exactdn.com\/wp-content\/uploads\/2018\/01\/Deutschkonzept-3SuS-GS--180x124.png?strip=all 180w, https:\/\/e969z83yjsq.exactdn.com\/wp-content\/uploads\/2018\/01\/Deutschkonzept-3SuS-GS--437x300.png?strip=all 437w, https:\/\/e969z83yjsq.exactdn.com\/wp-content\/uploads\/2018\/01\/Deutschkonzept-3SuS-GS-.png?strip=all&amp;w=288 288w, https:\/\/e969z83yjsq.exactdn.com\/wp-content\/uploads\/2018\/01\/Deutschkonzept-3SuS-GS-.png?strip=all&amp;w=576 576w\" sizes=\"(max-width: 549px) 100vw, 549px\" \/><\/p>\n<p><strong>Impulsi\u00f3n en determinados periodos de tiempo (Proyecto piloto a partir de 2017\/2018)<\/strong><\/p>\n<p>Con el fin de sacar m\u00e1s provecho de los pocos modelos ling\u00fc\u00edsticos de cada clase, a partir del a\u00f1o escolar 2017\/2018 intentaremos trabajar en \u00e1reas tem\u00e1ticas concretas en peque\u00f1os grupos durante periodos de tiempo acotados. Estos grupos estar\u00e1n conformados por alumnado espa\u00f1ol que tenga mucha facilidad para el idioma y por alumnado de lengua materna alemana.<br \/>\nEl nivel de los grupos estar\u00e1 por encima de la media; los temas que se abordar\u00e1n ser\u00e1n m\u00e1s exigentes.<br \/>\nEn caso necesario, dichos grupos podr\u00e1n realizar ex\u00e1menes, que no tienen por qu\u00e9 estar obligatoriamente vinculados al contexto examinatorio de los grupos de referencia. En un principio, estos proyectos, de tiempo acotado, est\u00e1n previstos para los cursos de la G3 y la G4, como proyectos piloto.<\/p>\n<p>&nbsp;<\/p>\n<p><strong>Refuerzo idiom\u00e1tico adicional (a partir de 2017\/2018)<\/strong><\/p>\n<p>Para que el trabajo idiom\u00e1tico resulte m\u00e1s efectivo, la clasificaci\u00f3n continuada en peque\u00f1os grupos es importante para trabajar prioridades tem\u00e1ticas de la realidad cotidiana inmediata de los ni\u00f1os en contextos relevantes. Un trabajo acorde, que est\u00e9 centrado en la comunicaci\u00f3n y la interacci\u00f3n, resulta complicado de implementar debido a la estructura restringida de las clases de alem\u00e1n y a los preceptos del curr\u00edculo de referencia.<br \/>\nEs por ello que a partir del curso escolar 2017\/2018, el Colegio Alem\u00e1n de Tenerife ha establecido un refuerzo idiom\u00e1tico adicional, que est\u00e1 organizado como si de una \u201ccinta transportadora del idioma\u201d se tratase. La asignaci\u00f3n de 2-3 ni\u00f1os por clase se lleva a cabo seg\u00fan valoraci\u00f3n del equipo educativo de cada curso y engloba los rangos de porcentaje obtenidos en la prueba de diagn\u00f3stico ling\u00fc\u00edstico. Los grupos se organizan mezclando cursos (G1-G2\/ G3-G4) y se impartir\u00e1n por las tardes, en 2 horas de clase a la semana. En principio, esta medida de refuerzo ser\u00e1 obligatoria durante medio a\u00f1o y ser\u00e1 recogida en el acta del alumno, pero no calificada.<br \/>\nEl profesorado que ha sido formado para ello utilizar\u00e1 una extensa recopilaci\u00f3n de material y planificar\u00e1 las unidades teniendo en cuenta unos rituales establecidos y que favorezcan el refuerzo del idioma, para lograr as\u00ed un entorno de aprendizaje activo.<\/p>\n","protected":false},"excerpt":{"rendered":"<p>Estructura de la ense\u00f1anza en equipo Todos los proyectos de ense\u00f1anza en la asignatura de alem\u00e1n [&hellip;]<\/p>\n","protected":false},"author":10,"featured_media":0,"parent":0,"menu_order":13,"comment_status":"closed","ping_status":"closed","template":"","meta":{"site-sidebar-layout":"default","site-content-layout":"","ast-site-content-layout":"default","site-content-style":"default","site-sidebar-style":"default","ast-global-header-display":"","ast-banner-title-visibility":"","ast-main-header-display":"","ast-hfb-above-header-display":"","ast-hfb-below-header-display":"","ast-hfb-mobile-header-display":"","site-post-title":"","ast-breadcrumbs-content":"","ast-featured-img":"","footer-sml-layout":"","ast-disable-related-posts":"","theme-transparent-header-meta":"","adv-header-id-meta":"","stick-header-meta":"","header-above-stick-meta":"","header-main-stick-meta":"","header-below-stick-meta":"","astra-migrate-meta-layouts":"default","ast-page-background-enabled":"default","ast-page-background-meta":{"desktop":{"background-color":"","background-image":"","background-repeat":"repeat","background-position":"center center","background-size":"auto","background-attachment":"scroll","background-type":"","background-media":"","overlay-type":"","overlay-color":"","overlay-opacity":"","overlay-gradient":""},"tablet":{"background-color":"","background-image":"","background-repeat":"repeat","background-position":"center center","background-size":"auto","background-attachment":"scroll","background-type":"","background-media":"","overlay-type":"","overlay-color":"","overlay-opacity":"","overlay-gradient":""},"mobile":{"background-color":"","background-image":"","background-repeat":"repeat","background-position":"center center","background-size":"auto","background-attachment":"scroll","background-type":"","background-media":"","overlay-type":"","overlay-color":"","overlay-opacity":"","overlay-gradient":""}},"ast-content-background-meta":{"desktop":{"background-color":"var(--ast-global-color-5)","background-image":"","background-repeat":"repeat","background-position":"center center","background-size":"auto","background-attachment":"scroll","background-type":"","background-media":"","overlay-type":"","overlay-color":"","overlay-opacity":"","overlay-gradient":""},"tablet":{"background-color":"var(--ast-global-color-5)","background-image":"","background-repeat":"repeat","background-position":"center center","background-size":"auto","background-attachment":"scroll","background-type":"","background-media":"","overlay-type":"","overlay-color":"","overlay-opacity":"","overlay-gradient":""},"mobile":{"background-color":"var(--ast-global-color-5)","background-image":"","background-repeat":"repeat","background-position":"center center","background-size":"auto","background-attachment":"scroll","background-type":"","background-media":"","overlay-type":"","overlay-color":"","overlay-opacity":"","overlay-gradient":""}},"_jet_sm_ready_style":"","_jet_sm_style":"","_jet_sm_controls_values":"","_jet_sm_fonts_collection":"","_jet_sm_fonts_links":"","footnotes":""},"schlagwortedst":[],"wf_page_folders":[],"class_list":["post-15205","page","type-page","status-publish","hentry"],"_links":{"self":[{"href":"https:\/\/www.dstenerife.eu\/es\/wp-json\/wp\/v2\/pages\/15205","targetHints":{"allow":["GET"]}}],"collection":[{"href":"https:\/\/www.dstenerife.eu\/es\/wp-json\/wp\/v2\/pages"}],"about":[{"href":"https:\/\/www.dstenerife.eu\/es\/wp-json\/wp\/v2\/types\/page"}],"author":[{"embeddable":true,"href":"https:\/\/www.dstenerife.eu\/es\/wp-json\/wp\/v2\/users\/10"}],"replies":[{"embeddable":true,"href":"https:\/\/www.dstenerife.eu\/es\/wp-json\/wp\/v2\/comments?post=15205"}],"version-history":[{"count":0,"href":"https:\/\/www.dstenerife.eu\/es\/wp-json\/wp\/v2\/pages\/15205\/revisions"}],"wp:attachment":[{"href":"https:\/\/www.dstenerife.eu\/es\/wp-json\/wp\/v2\/media?parent=15205"}],"wp:term":[{"taxonomy":"schlagwortedst","embeddable":true,"href":"https:\/\/www.dstenerife.eu\/es\/wp-json\/wp\/v2\/schlagwortedst?post=15205"},{"taxonomy":"wf_page_folders","embeddable":true,"href":"https:\/\/www.dstenerife.eu\/es\/wp-json\/wp\/v2\/wf_page_folders?post=15205"}],"curies":[{"name":"wp","href":"https:\/\/api.w.org\/{rel}","templated":true}]}}

Concepción del idioma alemán

<p><strong>Estructura de la enseñanza en equipo</strong></p>
<p>Todos los proyectos de enseñanza en la asignatura de alemán se planean conjuntamente en cuanto a contenido y metodología, y se llevan a cabo siguiendo los enfoques de incentivación y refuerzo acordados para las horas en que se dividen en pequeños grupos. En todas las horas de enseñanza en equipo, la profesora de alemán de la clase paralela, actuará como profesora parcial, ya que, para nosotros, el efecto que causa un partner de referencia fiable y familiar para avanzar en el aprendizaje no es en absoluto irrelevante.<br />
Para el profesorado es importante que se mantenga un máximo de flexibilidad durante el tiempo dedicado al aprendizaje. De esta forma es posible apoyar al alumnado individualmente, así como acompañarlo en las fases de trabajo individual, por parejas o grupal, al igual que en el trabajo libre y/o planificado con toda su clase, así como dividirlo temporalmente en pequeños grupos. Al personal de prácticas siempre se le integra para dar apoyo.<br />
Nuestra experiencia nos indica, que especialmente aquellos que aprenden idiomas extranjeros, no se pueden encasillar forzosamente en un único nivel de rendimiento en las diferentes subáreas de las clases de alemán.<br />
En caso de sustitución, podemos prescindir de duplicar las funciones. En dicho caso nos ocuparemos de garantizar la continuidad del trabajo, que se centrará en las prioridades de cada alumno o de los pequeños grupos, gracias a la asistencia de un profesor en prácticas, que se adaptará a las necesidades y servirá de apoyo. Para ello, todos los grupos de aprendizaje se han habituado a organizar el trabajo de forma autónoma (p.ej. planes de trabajo, planificaciones de trabajo semanal, …).<br />
En la práctica, desde que se implantaron las modificaciones en la estructura de trabajo, la orientación de contenidos se ha apoyado en el libro de texto «Der-Die-Das» y en su material adicional, para garantizar la equidad en el rendimiento del alumnado.</p>
<p><img fetchpriority="high" decoding="async" class="wp-image-15209 aligncenter" src="https://e969z83yjsq.exactdn.com/wp-content/uploads/2018/01/Deutschkonzept-3SuS-GS-.png?strip=all" alt="" width="549" height="377" srcset="https://e969z83yjsq.exactdn.com/wp-content/uploads/2018/01/Deutschkonzept-3SuS-GS-.png?strip=all 721w, https://e969z83yjsq.exactdn.com/wp-content/uploads/2018/01/Deutschkonzept-3SuS-GS--640x439.png?strip=all 640w, https://e969z83yjsq.exactdn.com/wp-content/uploads/2018/01/Deutschkonzept-3SuS-GS--180x124.png?strip=all 180w, https://e969z83yjsq.exactdn.com/wp-content/uploads/2018/01/Deutschkonzept-3SuS-GS--437x300.png?strip=all 437w, https://e969z83yjsq.exactdn.com/wp-content/uploads/2018/01/Deutschkonzept-3SuS-GS-.png?strip=all&amp;w=288 288w, https://e969z83yjsq.exactdn.com/wp-content/uploads/2018/01/Deutschkonzept-3SuS-GS-.png?strip=all&amp;w=576 576w" sizes="(max-width: 549px) 100vw, 549px" /></p>
<p><strong>Impulsión en determinados periodos de tiempo (Proyecto piloto a partir de 2017/2018)</strong></p>
<p>Con el fin de sacar más provecho de los pocos modelos lingüísticos de cada clase, a partir del año escolar 2017/2018 intentaremos trabajar en áreas temáticas concretas en pequeños grupos durante periodos de tiempo acotados. Estos grupos estarán conformados por alumnado español que tenga mucha facilidad para el idioma y por alumnado de lengua materna alemana.<br />
El nivel de los grupos estará por encima de la media; los temas que se abordarán serán más exigentes.<br />
En caso necesario, dichos grupos podrán realizar exámenes, que no tienen por qué estar obligatoriamente vinculados al contexto examinatorio de los grupos de referencia. En un principio, estos proyectos, de tiempo acotado, están previstos para los cursos de la G3 y la G4, como proyectos piloto.</p>
<p>&nbsp;</p>
<p><strong>Refuerzo idiomático adicional (a partir de 2017/2018)</strong></p>
<p>Para que el trabajo idiomático resulte más efectivo, la clasificación continuada en pequeños grupos es importante para trabajar prioridades temáticas de la realidad cotidiana inmediata de los niños en contextos relevantes. Un trabajo acorde, que esté centrado en la comunicación y la interacción, resulta complicado de implementar debido a la estructura restringida de las clases de alemán y a los preceptos del currículo de referencia.<br />
Es por ello que a partir del curso escolar 2017/2018, el Colegio Alemán de Tenerife ha establecido un refuerzo idiomático adicional, que está organizado como si de una “cinta transportadora del idioma” se tratase. La asignación de 2-3 niños por clase se lleva a cabo según valoración del equipo educativo de cada curso y engloba los rangos de porcentaje obtenidos en la prueba de diagnóstico lingüístico. Los grupos se organizan mezclando cursos (G1-G2/ G3-G4) y se impartirán por las tardes, en 2 horas de clase a la semana. En principio, esta medida de refuerzo será obligatoria durante medio año y será recogida en el acta del alumno, pero no calificada.<br />
El profesorado que ha sido formado para ello utilizará una extensa recopilación de material y planificará las unidades teniendo en cuenta unos rituales establecidos y que favorezcan el refuerzo del idioma, para lograr así un entorno de aprendizaje activo.</p>

<p>Estructura de la enseñanza en equipo Todos los proyectos de enseñanza en la asignatura de alemán [&hellip;]</p>
