{"id":1950,"date":"2015-04-25T22:07:22","date_gmt":"2015-04-25T21:07:22","guid":{"rendered":"http:\/\/dstenerife.ducklingit.com\/?page_id=1950"},"modified":"2025-08-27T13:32:48","modified_gmt":"2025-08-27T12:32:48","slug":"reglamentos","status":"publish","type":"page","link":"https:\/\/www.dstenerife.eu\/es\/colegio\/reglamentos\/","title":{"rendered":"Reglamentos"},"content":{"rendered":"<p>El cumplimiento de las normas de comportamiento y comunicaci\u00f3n son condiciones b\u00e1sicas para el trabajo en el aula y para una exitosa vida escolar.<\/p>\n<p>Aqu\u00ed podr\u00e1n encontrar una compilaci\u00f3n de las reglas y reglamentos vigentes:<\/p>\n<table style=\"width: 100%; height: 421px;\">\n<thead>\n<tr style=\"height: 46px;\">\n<th style=\"height: 46px;\" colspan=\"2\">Documentos en formato PDF:<\/th>\n<\/tr>\n<\/thead>\n<tbody>\n<tr style=\"height: 46px;\">\n<td style=\"height: 46px;\"><a href=\"https:\/\/www.dstenerife.eu\/wp-content\/uploads\/2025\/08\/Reglamento-escolar-final_27-08-2025_es_publicado.pdf\" target=\"_blank\" rel=\"noopener noreferrer\">Reglamento Escolar<\/a><\/td>\n<td style=\"height: 46px;\"><a href=\"https:\/\/www.dstenerife.eu\/wp-content\/uploads\/2024\/04\/Normas-de-uso-de-los-dispositivos-digitales-para-los-alumnos-esp.pdf\" target=\"_blank\" rel=\"noopener noreferrer\">Normas de uso de los dispositivos digitales<\/a><\/td>\n<\/tr>\n<tr style=\"height: 46px;\">\n<td style=\"height: 46px;\"><a href=\"https:\/\/www.dstenerife.eu\/wp-content\/uploads\/2015\/04\/versetzungsordnung_2015es.pdf\" target=\"_blank\" rel=\"noopener\">Reglamento de notas y de paso de curso\u00a0<\/a><\/td>\n<td style=\"height: 46px;\"><a href=\"https:\/\/www.dstenerife.eu\/wp-content\/uploads\/2015\/10\/NO-Computereinrichtungen.pdf\" target=\"_blank\" rel=\"noopener noreferrer\">Reglamento de las are\u00e1s informaticas<\/a><\/td>\n<\/tr>\n<tr style=\"height: 46px;\">\n<td style=\"height: 46px;\"><a href=\"https:\/\/www.dstenerife.eu\/wp-content\/uploads\/2024\/04\/Reglamento-interno_aktualisiert_Maerz-2024_final_es.pdf\" target=\"_blank\" rel=\"noopener\">Reglamento Interno<\/a><\/td>\n<td style=\"height: 46px;\"><a href=\"https:\/\/www.dstenerife.eu\/wp-content\/uploads\/2015\/10\/NO-Sporthallen.pdf\" target=\"_blank\" rel=\"noopener noreferrer\">Reglamento de uso para el polideportivo<\/a><\/td>\n<\/tr>\n<tr style=\"height: 46px;\">\n<td style=\"height: 46px;\"><a href=\"https:\/\/www.dstenerife.eu\/wp-content\/uploads\/2015\/04\/Satzung-der-Sch%C3%BClervertretung-DST-2016.pdf\" target=\"_blank\" rel=\"noopener\">Reglamento de Representantes de alumnos<\/a><\/td>\n<td style=\"height: 46px;\"><a href=\"https:\/\/www.dstenerife.eu\/wp-content\/uploads\/2015\/10\/NO-naturwissenschaftliche-Raeume.pdf\" target=\"_blank\" rel=\"noopener\">Reglamento de \u00e1reas cient\u00edficas<\/a><\/td>\n<\/tr>\n<tr style=\"height: 46px;\">\n<td style=\"height: 46px;\"><a href=\"https:\/\/www.dstenerife.eu\/wp-content\/uploads\/2024\/01\/Derechos-y-deberes-en-el-ambito-educativo-de-las-personas-progenitoras-del-alumnado.pdf\" target=\"_blank\" rel=\"noopener\">Derechos y deberes de las familias<\/a><\/td>\n<td style=\"height: 46px;\"><a href=\"https:\/\/www.dstenerife.eu\/wp-content\/uploads\/2015\/10\/NO-Aula.pdf\" target=\"_blank\" rel=\"noopener noreferrer\">Normas para el uso del Sal\u00f3n de Actos<\/a><\/td>\n<\/tr>\n<tr style=\"height: 46px;\">\n<td style=\"height: 46px;\"><a href=\"https:\/\/www.dstenerife.eu\/wp-content\/uploads\/2024\/01\/Comunicacion-y-trato-entre-el-profesorado-y-las-familias.pdf\" target=\"_blank\" rel=\"noopener\">Comunicaci\u00f3n y trato entre el profesorado y las familias<\/a><\/td>\n<td style=\"height: 46px;\"><a href=\"https:\/\/www.dstenerife.eu\/wp-content\/uploads\/2015\/06\/Bibliotheksregeln-Verhaltensregeln-Regeln-Bibliothek.pdf\" target=\"_blank\" rel=\"noopener noreferrer\">Normas de la Biblioteca<\/a><\/td>\n<\/tr>\n<tr style=\"height: 46px;\">\n<td style=\"height: 46px;\"><a href=\"https:\/\/www.dstenerife.eu\/wp-content\/uploads\/2024\/04\/Normativa-para-la-admision-de-estudiantes-invitados-y-para-visitas-de-corta-duracion-es.pdf\" target=\"_blank\" rel=\"noopener\">Normativa para la admisi\u00f3n de alumnado hu\u00e9sped y para visitas de corta duraci\u00f3n<\/a><\/td>\n<td style=\"height: 46px;\"><\/td>\n<\/tr>\n<\/tbody>\n<\/table>\n","protected":false},"excerpt":{"rendered":"<p>El cumplimiento de las normas de comportamiento y comunicaci\u00f3n son condiciones b\u00e1sicas para el trabajo en [&hellip;]<\/p>\n","protected":false},"author":10,"featured_media":1781,"parent":902,"menu_order":5,"comment_status":"closed","ping_status":"closed","template":"","meta":{"site-sidebar-layout":"default","site-content-layout":"default","ast-site-content-layout":"default","site-content-style":"default","site-sidebar-style":"default","ast-global-header-display":"","ast-banner-title-visibility":"","ast-main-header-display":"","ast-hfb-above-header-display":"","ast-hfb-below-header-display":"","ast-hfb-mobile-header-display":"","site-post-title":"","ast-breadcrumbs-content":"","ast-featured-img":"","footer-sml-layout":"","ast-disable-related-posts":"","theme-transparent-header-meta":"default","adv-header-id-meta":"","stick-header-meta":"default","header-above-stick-meta":"","header-main-stick-meta":"","header-below-stick-meta":"","astra-migrate-meta-layouts":"set","ast-page-background-enabled":"default","ast-page-background-meta":{"desktop":{"background-color":"","background-image":"","background-repeat":"repeat","background-position":"center center","background-size":"auto","background-attachment":"scroll","background-type":"","background-media":"","overlay-type":"","overlay-color":"","overlay-opacity":"","overlay-gradient":""},"tablet":{"background-color":"","background-image":"","background-repeat":"repeat","background-position":"center center","background-size":"auto","background-attachment":"scroll","background-type":"","background-media":"","overlay-type":"","overlay-color":"","overlay-opacity":"","overlay-gradient":""},"mobile":{"background-color":"","background-image":"","background-repeat":"repeat","background-position":"center center","background-size":"auto","background-attachment":"scroll","background-type":"","background-media":"","overlay-type":"","overlay-color":"","overlay-opacity":"","overlay-gradient":""}},"ast-content-background-meta":{"desktop":{"background-color":"var(--ast-global-color-5)","background-image":"","background-repeat":"repeat","background-position":"center center","background-size":"auto","background-attachment":"scroll","background-type":"","background-media":"","overlay-type":"","overlay-color":"","overlay-opacity":"","overlay-gradient":""},"tablet":{"background-color":"var(--ast-global-color-5)","background-image":"","background-repeat":"repeat","background-position":"center center","background-size":"auto","background-attachment":"scroll","background-type":"","background-media":"","overlay-type":"","overlay-color":"","overlay-opacity":"","overlay-gradient":""},"mobile":{"background-color":"var(--ast-global-color-5)","background-image":"","background-repeat":"repeat","background-position":"center center","background-size":"auto","background-attachment":"scroll","background-type":"","background-media":"","overlay-type":"","overlay-color":"","overlay-opacity":"","overlay-gradient":""}},"_jet_sm_ready_style":"","_jet_sm_style":"","_jet_sm_controls_values":"","_jet_sm_fonts_collection":"","_jet_sm_fonts_links":"","footnotes":""},"schlagwortedst":[153],"wf_page_folders":[176,203,208],"class_list":["post-1950","page","type-page","status-publish","has-post-thumbnail","hentry","schlagwortedst-sideschule"],"_links":{"self":[{"href":"https:\/\/www.dstenerife.eu\/es\/wp-json\/wp\/v2\/pages\/1950","targetHints":{"allow":["GET"]}}],"collection":[{"href":"https:\/\/www.dstenerife.eu\/es\/wp-json\/wp\/v2\/pages"}],"about":[{"href":"https:\/\/www.dstenerife.eu\/es\/wp-json\/wp\/v2\/types\/page"}],"author":[{"embeddable":true,"href":"https:\/\/www.dstenerife.eu\/es\/wp-json\/wp\/v2\/users\/10"}],"replies":[{"embeddable":true,"href":"https:\/\/www.dstenerife.eu\/es\/wp-json\/wp\/v2\/comments?post=1950"}],"version-history":[{"count":22,"href":"https:\/\/www.dstenerife.eu\/es\/wp-json\/wp\/v2\/pages\/1950\/revisions"}],"predecessor-version":[{"id":99127,"href":"https:\/\/www.dstenerife.eu\/es\/wp-json\/wp\/v2\/pages\/1950\/revisions\/99127"}],"up":[{"embeddable":true,"href":"https:\/\/www.dstenerife.eu\/es\/wp-json\/wp\/v2\/pages\/902"}],"wp:featuredmedia":[{"embeddable":true,"href":"https:\/\/www.dstenerife.eu\/es\/wp-json\/wp\/v2\/media\/1781"}],"wp:attachment":[{"href":"https:\/\/www.dstenerife.eu\/es\/wp-json\/wp\/v2\/media?parent=1950"}],"wp:term":[{"taxonomy":"schlagwortedst","embeddable":true,"href":"https:\/\/www.dstenerife.eu\/es\/wp-json\/wp\/v2\/schlagwortedst?post=1950"},{"taxonomy":"wf_page_folders","embeddable":true,"href":"https:\/\/www.dstenerife.eu\/es\/wp-json\/wp\/v2\/wf_page_folders?post=1950"}],"curies":[{"name":"wp","href":"https:\/\/api.w.org\/{rel}","templated":true}]}}

<p>El cumplimiento de las normas de comportamiento y comunicación son condiciones básicas para el trabajo en el aula y para una exitosa vida escolar.</p>
<p>Aquí podrán encontrar una compilación de las reglas y reglamentos vigentes:</p>
<table style="width: 100%; height: 421px;">
<thead>
<tr style="height: 46px;">
<th style="height: 46px;" colspan="2">Documentos en formato PDF:</th>
</tr>
</thead>
<tbody>
<tr style="height: 46px;">
<td style="height: 46px;"><a href="https://www.dstenerife.eu/wp-content/uploads/2025/08/Reglamento-escolar-final_27-08-2025_es_publicado.pdf" target="_blank" rel="noopener noreferrer">Reglamento Escolar</a></td>
<td style="height: 46px;"><a href="https://www.dstenerife.eu/wp-content/uploads/2024/04/Normas-de-uso-de-los-dispositivos-digitales-para-los-alumnos-esp.pdf" target="_blank" rel="noopener noreferrer">Normas de uso de los dispositivos digitales</a></td>
</tr>
<tr style="height: 46px;">
<td style="height: 46px;"><a href="https://www.dstenerife.eu/wp-content/uploads/2015/04/versetzungsordnung_2015es.pdf" target="_blank" rel="noopener">Reglamento de notas y de paso de curso </a></td>
<td style="height: 46px;"><a href="https://www.dstenerife.eu/wp-content/uploads/2015/10/NO-Computereinrichtungen.pdf" target="_blank" rel="noopener noreferrer">Reglamento de las areás informaticas</a></td>
</tr>
<tr style="height: 46px;">
<td style="height: 46px;"><a href="https://www.dstenerife.eu/wp-content/uploads/2024/04/Reglamento-interno_aktualisiert_Maerz-2024_final_es.pdf" target="_blank" rel="noopener">Reglamento Interno</a></td>
<td style="height: 46px;"><a href="https://www.dstenerife.eu/wp-content/uploads/2015/10/NO-Sporthallen.pdf" target="_blank" rel="noopener noreferrer">Reglamento de uso para el polideportivo</a></td>
</tr>
<tr style="height: 46px;">
<td style="height: 46px;"><a href="https://www.dstenerife.eu/wp-content/uploads/2015/04/Satzung-der-Sch%C3%BClervertretung-DST-2016.pdf" target="_blank" rel="noopener">Reglamento de Representantes de alumnos</a></td>
<td style="height: 46px;"><a href="https://www.dstenerife.eu/wp-content/uploads/2015/10/NO-naturwissenschaftliche-Raeume.pdf" target="_blank" rel="noopener">Reglamento de áreas científicas</a></td>
</tr>
<tr style="height: 46px;">
<td style="height: 46px;"><a href="https://www.dstenerife.eu/wp-content/uploads/2024/01/Derechos-y-deberes-en-el-ambito-educativo-de-las-personas-progenitoras-del-alumnado.pdf" target="_blank" rel="noopener">Derechos y deberes de las familias</a></td>
<td style="height: 46px;"><a href="https://www.dstenerife.eu/wp-content/uploads/2015/10/NO-Aula.pdf" target="_blank" rel="noopener noreferrer">Normas para el uso del Salón de Actos</a></td>
</tr>
<tr style="height: 46px;">
<td style="height: 46px;"><a href="https://www.dstenerife.eu/wp-content/uploads/2024/01/Comunicacion-y-trato-entre-el-profesorado-y-las-familias.pdf" target="_blank" rel="noopener">Comunicación y trato entre el profesorado y las familias</a></td>
<td style="height: 46px;"><a href="https://www.dstenerife.eu/wp-content/uploads/2015/06/Bibliotheksregeln-Verhaltensregeln-Regeln-Bibliothek.pdf" target="_blank" rel="noopener noreferrer">Normas de la Biblioteca</a></td>
</tr>
<tr style="height: 46px;">
<td style="height: 46px;"><a href="https://www.dstenerife.eu/wp-content/uploads/2024/04/Normativa-para-la-admision-de-estudiantes-invitados-y-para-visitas-de-corta-duracion-es.pdf" target="_blank" rel="noopener">Normativa para la admisión de alumnado huésped y para visitas de corta duración</a></td>
<td style="height: 46px;"></td>
</tr>
</tbody>
</table>

<p>El cumplimiento de las normas de comportamiento y comunicación son condiciones básicas para el trabajo en [&hellip;]</p>
