{"id":1985,"date":"2015-04-25T22:52:03","date_gmt":"2015-04-25T22:52:03","guid":{"rendered":"http:\/\/dstenerife.ducklingit.com\/?page_id=1985"},"modified":"2021-07-17T12:27:15","modified_gmt":"2021-07-17T12:27:15","slug":"registracion-y-gastos","status":"publish","type":"page","link":"https:\/\/www.dstenerife.eu\/es\/kikri-y-kindergarten\/registracion-y-gastos\/","title":{"rendered":"Inscripci\u00f3n y precios"},"content":{"rendered":"<p>Pueden inscribir a sus hijos en nuestra Guarder\u00eda y en nuestro Kindergarten en los meses de noviembre a febrero.<\/p>\n<p><strong>Registros para la inscripci\u00f3n<\/strong><\/p>\n<p>KiKri (Guarder\u00eda): Si su hijo ha cumplido dos a\u00f1os antes del 31 de agosto, podr\u00e1 inscribirlo en nuestra Guarder\u00eda (KiKri).<\/p>\n<p>Kindergarten (Educaci\u00f3n Infantil): Si su hijo ha cumplido tres a\u00f1os antes del 31 de agosto, podr\u00e1 inscribirlo en nuestro Kindergarten.<\/p>\n<p>Si el n\u00famero de solicitudes superara la capacidad de admisi\u00f3n, los ni\u00f1os ser\u00edan seleccionados de acuerdo con unos criterios definidos. Los ni\u00f1os admitidos en la KiKri y en el Kindergarten posteriormente se distribuyen en peque\u00f1os grupos.<\/p>\n<p>Se podr\u00e1 admitir a un ni\u00f1o en cursos superiores del Kindergarten, siempre y cuando posea conocimientos previos del alem\u00e1n y haya plazas libres.<\/p>\n<p>Habr\u00e1 que presentar los siguientes documentos para la inscripci\u00f3n, y tendr\u00e1n que ser presentados en secretar\u00eda antes de finalizar el mes de febrero:<\/p>\n<p>Formularios Guarderia\/Centro infantil: <a href=\"https:\/\/www.dstenerife.eu\/wp-content\/uploads\/2019\/11\/Anmeldeformular-2020.pdf\" target=\"_blank\" rel=\"noopener noreferrer\">Hojas de inscripci\u00f3n<\/a><\/p>\n<p>A tiempo se informa a los padres sobre la situaci\u00f3n de admisi\u00f3n. En caso de admisi\u00f3n, se pide a los padres que entreguen documentaci\u00f3n adicional y el pago de las cuotas de inscripci\u00f3n y dep\u00f3sito. Despu\u00e9s de la formalizaci\u00f3n de los tr\u00e1mites, el ni\u00f1o estar\u00e1 inscrito en el centro. Cuando se supere el n\u00famero de plazas, se proceder\u00e1 de acuerdo con los criterios. Se informa a los padres de que por el momento se encuentran en una lista de reserva. Despu\u00e9s del plazo de matriculaci\u00f3n, se tiene en cuenta la lista de reserva.<\/p>\n<p>&nbsp;<\/p>\n<p><strong><a href=\"https:\/\/www.dstenerife.eu\/wp-content\/uploads\/2020\/07\/KINDERGARTEN-KIKRI-QUOTEN-CUOTAS-2020-21.pdf\" target=\"_blank\" rel=\"noopener noreferrer\">Precios<\/a> 2021-22:<\/strong><\/p>\n<p>Dep\u00f3sito (pago \u00fanico): \u00a0\u00a0\u00a0\u00a0\u00a0\u00a0\u00a0\u00a0\u00a0\u00a0\u00a0\u00a0\u00a0\u00a0\u00a0 \u00a0 780,00 Euro<\/p>\n<p>Inscripci\u00f3n:\u00a0\u00a0\u00a0\u00a0\u00a0\u00a0\u00a0 \u00a0\u00a0\u00a0\u00a0\u00a0\u00a0\u00a0\u00a0\u00a0\u00a0\u00a0\u00a0\u00a0\u00a0\u00a0\u00a0\u00a0\u00a0\u00a0\u00a0\u00a0\u00a0\u00a0\u00a0\u00a0\u00a0\u00a0\u00a0 380,00 Euro (anualmente durante Preescolar)<\/p>\n<p>Cuota mensula KiKri \/ KiGa: \u00a0\u00a0\u00a0\u00a0\u00a0\u00a0\u00a0\u00a0\u00a0 380,00 Euro (KiKri 11 cuotas \/ KiGa 10 cuotas)<\/p>\n<p>&nbsp;<\/p>\n","protected":false},"excerpt":{"rendered":"<p>Pueden inscribir a sus hijos en nuestra Guarder\u00eda y en nuestro Kindergarten en los meses de [&hellip;]<\/p>\n","protected":false},"author":10,"featured_media":0,"parent":1601,"menu_order":16,"comment_status":"closed","ping_status":"closed","template":"","meta":{"site-sidebar-layout":"default","site-content-layout":"default","ast-site-content-layout":"default","site-content-style":"default","site-sidebar-style":"default","ast-global-header-display":"","ast-banner-title-visibility":"","ast-main-header-display":"","ast-hfb-above-header-display":"","ast-hfb-below-header-display":"","ast-hfb-mobile-header-display":"","site-post-title":"","ast-breadcrumbs-content":"","ast-featured-img":"","footer-sml-layout":"","ast-disable-related-posts":"","theme-transparent-header-meta":"default","adv-header-id-meta":"","stick-header-meta":"default","header-above-stick-meta":"","header-main-stick-meta":"","header-below-stick-meta":"","astra-migrate-meta-layouts":"default","ast-page-background-enabled":"default","ast-page-background-meta":{"desktop":{"background-color":"","background-image":"","background-repeat":"repeat","background-position":"center center","background-size":"auto","background-attachment":"scroll","background-type":"","background-media":"","overlay-type":"","overlay-color":"","overlay-opacity":"","overlay-gradient":""},"tablet":{"background-color":"","background-image":"","background-repeat":"repeat","background-position":"center center","background-size":"auto","background-attachment":"scroll","background-type":"","background-media":"","overlay-type":"","overlay-color":"","overlay-opacity":"","overlay-gradient":""},"mobile":{"background-color":"","background-image":"","background-repeat":"repeat","background-position":"center center","background-size":"auto","background-attachment":"scroll","background-type":"","background-media":"","overlay-type":"","overlay-color":"","overlay-opacity":"","overlay-gradient":""}},"ast-content-background-meta":{"desktop":{"background-color":"var(--ast-global-color-5)","background-image":"","background-repeat":"repeat","background-position":"center center","background-size":"auto","background-attachment":"scroll","background-type":"","background-media":"","overlay-type":"","overlay-color":"","overlay-opacity":"","overlay-gradient":""},"tablet":{"background-color":"var(--ast-global-color-5)","background-image":"","background-repeat":"repeat","background-position":"center center","background-size":"auto","background-attachment":"scroll","background-type":"","background-media":"","overlay-type":"","overlay-color":"","overlay-opacity":"","overlay-gradient":""},"mobile":{"background-color":"var(--ast-global-color-5)","background-image":"","background-repeat":"repeat","background-position":"center center","background-size":"auto","background-attachment":"scroll","background-type":"","background-media":"","overlay-type":"","overlay-color":"","overlay-opacity":"","overlay-gradient":""}},"_jet_sm_ready_style":"","_jet_sm_style":"","_jet_sm_controls_values":"","_jet_sm_fonts_collection":"","_jet_sm_fonts_links":"","footnotes":""},"schlagwortedst":[],"wf_page_folders":[178,208],"class_list":["post-1985","page","type-page","status-publish","hentry"],"_links":{"self":[{"href":"https:\/\/www.dstenerife.eu\/es\/wp-json\/wp\/v2\/pages\/1985","targetHints":{"allow":["GET"]}}],"collection":[{"href":"https:\/\/www.dstenerife.eu\/es\/wp-json\/wp\/v2\/pages"}],"about":[{"href":"https:\/\/www.dstenerife.eu\/es\/wp-json\/wp\/v2\/types\/page"}],"author":[{"embeddable":true,"href":"https:\/\/www.dstenerife.eu\/es\/wp-json\/wp\/v2\/users\/10"}],"replies":[{"embeddable":true,"href":"https:\/\/www.dstenerife.eu\/es\/wp-json\/wp\/v2\/comments?post=1985"}],"version-history":[{"count":0,"href":"https:\/\/www.dstenerife.eu\/es\/wp-json\/wp\/v2\/pages\/1985\/revisions"}],"up":[{"embeddable":true,"href":"https:\/\/www.dstenerife.eu\/es\/wp-json\/wp\/v2\/pages\/1601"}],"wp:attachment":[{"href":"https:\/\/www.dstenerife.eu\/es\/wp-json\/wp\/v2\/media?parent=1985"}],"wp:term":[{"taxonomy":"schlagwortedst","embeddable":true,"href":"https:\/\/www.dstenerife.eu\/es\/wp-json\/wp\/v2\/schlagwortedst?post=1985"},{"taxonomy":"wf_page_folders","embeddable":true,"href":"https:\/\/www.dstenerife.eu\/es\/wp-json\/wp\/v2\/wf_page_folders?post=1985"}],"curies":[{"name":"wp","href":"https:\/\/api.w.org\/{rel}","templated":true}]}}

Inscripción y precios

<p>Pueden inscribir a sus hijos en nuestra Guardería y en nuestro Kindergarten en los meses de noviembre a febrero.</p>
<p><strong>Registros para la inscripción</strong></p>
<p>KiKri (Guardería): Si su hijo ha cumplido dos años antes del 31 de agosto, podrá inscribirlo en nuestra Guardería (KiKri).</p>
<p>Kindergarten (Educación Infantil): Si su hijo ha cumplido tres años antes del 31 de agosto, podrá inscribirlo en nuestro Kindergarten.</p>
<p>Si el número de solicitudes superara la capacidad de admisión, los niños serían seleccionados de acuerdo con unos criterios definidos. Los niños admitidos en la KiKri y en el Kindergarten posteriormente se distribuyen en pequeños grupos.</p>
<p>Se podrá admitir a un niño en cursos superiores del Kindergarten, siempre y cuando posea conocimientos previos del alemán y haya plazas libres.</p>
<p>Habrá que presentar los siguientes documentos para la inscripción, y tendrán que ser presentados en secretaría antes de finalizar el mes de febrero:</p>
<p>Formularios Guarderia/Centro infantil: <a href="https://www.dstenerife.eu/wp-content/uploads/2019/11/Anmeldeformular-2020.pdf" target="_blank" rel="noopener noreferrer">Hojas de inscripción</a></p>
<p>A tiempo se informa a los padres sobre la situación de admisión. En caso de admisión, se pide a los padres que entreguen documentación adicional y el pago de las cuotas de inscripción y depósito. Después de la formalización de los trámites, el niño estará inscrito en el centro. Cuando se supere el número de plazas, se procederá de acuerdo con los criterios. Se informa a los padres de que por el momento se encuentran en una lista de reserva. Después del plazo de matriculación, se tiene en cuenta la lista de reserva.</p>
<p>&nbsp;</p>
<p><strong><a href="https://www.dstenerife.eu/wp-content/uploads/2020/07/KINDERGARTEN-KIKRI-QUOTEN-CUOTAS-2020-21.pdf" target="_blank" rel="noopener noreferrer">Precios</a> 2021-22:</strong></p>
<p>Depósito (pago único):                   780,00 Euro</p>
<p>Inscripción:                                     380,00 Euro (anualmente durante Preescolar)</p>
<p>Cuota mensula KiKri / KiGa:           380,00 Euro (KiKri 11 cuotas / KiGa 10 cuotas)</p>
<p>&nbsp;</p>

<p>Pueden inscribir a sus hijos en nuestra Guardería y en nuestro Kindergarten en los meses de [&hellip;]</p>
