{"id":2262,"date":"2015-04-25T22:08:59","date_gmt":"2015-04-25T21:08:59","guid":{"rendered":"http:\/\/dstenerife.ducklingit.com\/?page_id=2262"},"modified":"2025-09-05T12:10:54","modified_gmt":"2025-09-05T11:10:54","slug":"comedor-y-cafeteria","status":"publish","type":"page","link":"https:\/\/www.dstenerife.eu\/es\/servicios\/instituciones\/comedor-y-cafeteria\/","title":{"rendered":"Comedor y cafeter\u00eda"},"content":{"rendered":"<p style=\"text-align: justify;\">Les informamos que a partir del nuevo curso escolar 2024\/25 las inscripciones para el comedor escolar ser\u00e1n gestionadas por la empresa<img decoding=\"async\" class=\"alignright wp-image-40023\" src=\"https:\/\/e969z83yjsq.exactdn.com\/wp-content\/uploads\/2021\/05\/aramark_logo_alpha.png?strip=all\" alt=\"\" width=\"180\" height=\"51\" srcset=\"https:\/\/e969z83yjsq.exactdn.com\/wp-content\/uploads\/2021\/05\/aramark_logo_alpha.png?strip=all 169w, https:\/\/e969z83yjsq.exactdn.com\/wp-content\/uploads\/2021\/05\/aramark_logo_alpha.png?strip=all&amp;zoom=0.4&amp;resize=180%2C51 72w\" sizes=\"(max-width: 180px) 100vw, 180px\" \/>\u00a0 ARAMARK SERVICIOS DE CATERING, S.L.U.<\/p>\n<p style=\"text-align: justify;\">Podr\u00e1n inscribirse a trav\u00e9s de la plataforma <a href=\"https:\/\/www.elgustodecrecer.es\/\" target=\"_blank\" rel=\"noopener\">\u00abEl Gusto de Crecer\u00bb<\/a>\u00a0a partir del 01 de julio de 2024.<\/p>\n<p style=\"text-align: justify;\">Adjunto le enviamos toda la informaci\u00f3n que nos facilit\u00f3 Aramark al respecto:<\/p>\n<h4 style=\"text-align: justify;\"><strong><u>Condiciones generales de los servicios ofertados:<\/u><\/strong><\/h4>\n<ul style=\"text-align: justify;\">\n<li>\n<h5><strong>Alta en el servicio:<\/strong><\/h5>\n<\/li>\n<\/ul>\n<p style=\"text-align: justify;\">Todas las familias (tanto alumnos fijos como espor\u00e1dicos) deber\u00e1n registrarse previamente en la web <a href=\"http:\/\/www.elgustodecrecer.es\" target=\"_blank\" rel=\"noopener\">www.elgustodecrecer.es<\/a>\u00a0 y posteriormente darse de alta en cualquiera de los servicios a trav\u00e9s del apartado de <strong>SOLICITUD PLAZA<\/strong> de manera telem\u00e1tica.<\/p>\n<ul style=\"text-align: justify;\">\n<li>\n<h5><strong>Cambio de compromiso del servicio de comedor:<\/strong><\/h5>\n<\/li>\n<\/ul>\n<p style=\"text-align: justify;\">La solicitud de modificaci\u00f3n de la opci\u00f3n inicialmente elegida ha de informarse a la Coordinadora de Comedor y al correo <strong><u>Fernandez-Lorena@aramark.es<\/u><\/strong> \u00a0con una antelaci\u00f3n de 5 d\u00edas antes del inicio de mes en el que pretende hacerse el cambio de compromiso.<\/p>\n<ul style=\"text-align: justify;\">\n<li>\n<h5><strong>P\u00e9rdida de condici\u00f3n de usuario del servicio:<\/strong><\/h5>\n<\/li>\n<\/ul>\n<p style=\"text-align: justify;\">Se realizar\u00e1 cuando el\/la usuario\/a tenga un impago de dos o m\u00e1s recibos.<\/p>\n<ul style=\"text-align: justify;\">\n<li>\n<h5><strong>Precios de los servicios:<\/strong><\/h5>\n<\/li>\n<\/ul>\n<p style=\"text-align: justify;\">Kikri:\u00a0\u00a0\u00a0\u00a0\u00a0\u00a0\u00a0\u00a0\u00a0\u00a0\u00a0\u00a0\u00a0\u00a0\u00a0\u00a0\u00a0\u00a0\u00a0\u00a0\u00a0\u00a0\u00a0\u00a0\u00a0\u00a0 5,70 \u20ac diario<\/p>\n<p style=\"text-align: justify;\">KiGa y Colegio: \u00a0\u00a0\u00a0\u00a0\u00a0\u00a0\u00a0\u00a0 6,80 \u20ac diario<\/p>\n<p style=\"text-align: justify;\"><strong>Por cada recibo devuelto correctamente girado, se cobrar\u00e1 un recargo de 3\u20ac por gastos de devoluci\u00f3n.<\/strong><\/p>\n<p style=\"text-align: justify;\">Los cobros se realizar\u00e1n de forma vencida entre el 5 y 10 del mes siguiente y por domiciliaci\u00f3n bancaria.<\/p>\n<ul style=\"text-align: justify;\">\n<li>\n<h5><strong>Ausencias del servicio de comedor:<\/strong><\/h5>\n<\/li>\n<\/ul>\n<p style=\"text-align: justify;\">Los usuarios podr\u00e1n avisar de sus ausencias del comedor, a trav\u00e9s de la App m\u00f3vil \u201cEl Gusto de Crecer\u201d y\/o la <a href=\"https:\/\/www.elgustodecrecer.es\/\" target=\"_blank\" rel=\"noopener\">p\u00e1gina web<\/a>, <strong>hasta las 9:30hs del mismo d\u00eda<\/strong>, sin coste alguno para el usuario.<\/p>\n<ul style=\"text-align: justify;\">\n<li>\n<h5><strong>Uso del comedor de forma espor\u00e1dica:<\/strong><\/h5>\n<\/li>\n<\/ul>\n<p style=\"text-align: justify;\">Los d\u00edas no contratados y que se demande el Servicio de Comedor de forma puntual e imprevista, podr\u00e1n notificar la asistencia al Servicio de Comedor, enviando email a <strong><u>Fernandez-Lorena@aramark.es<\/u><\/strong> antes de las 09:30 horas del mismo d\u00eda.<\/p>\n<ul style=\"text-align: justify;\">\n<li>\n<h5><strong>Dieta blanda:<\/strong><\/h5>\n<\/li>\n<\/ul>\n<p style=\"text-align: justify;\">La hora m\u00e1xima para poder solicitar una dieta blanda es hasta el mismo d\u00eda y antes de las 09:30 horas. Se solicita por v\u00eda telef\u00f3nica 683666168 o a trav\u00e9s del mail\u00a0 <u>Fernandez-Lorena@aramark.es.<\/u><\/p>\n<ul style=\"text-align: justify;\">\n<li>\n<h5><strong>Publicaci\u00f3n de los men\u00fas:<\/strong><\/h5>\n<\/li>\n<\/ul>\n<p style=\"text-align: justify;\">Los men\u00fas mensuales estar\u00e1n disponibles (previo registro), a trav\u00e9s de la aplicaci\u00f3n \u00a0m\u00f3vil (El Gusto de Crecer) y <a href=\"https:\/\/www.elgustodecrecer.es\/Menus\/Colegio\/1225\" target=\"_blank\" rel=\"noopener\">p\u00e1gina web \u00a0del Colegio Alem\u00e1n Santa Cruz de Tenerife<\/a>.<\/p>\n<ul style=\"text-align: justify;\">\n<li>\n<h5><strong>Solicitud de dietas por alergia y\/o intolerancia alimentaria:<\/strong><\/h5>\n<\/li>\n<\/ul>\n<p style=\"text-align: justify;\">Cualquier solicitud de dieta por motivos de alergia o intolerancia alimentaria, deber\u00e1 hacerse a:\u00a0 <u>Fernandez-Lorena@aramark.es.<\/u> remitiendo el correspondiente <strong>Informe M\u00e9dico prescrito por un Especialista al Colegio Alem\u00e1n Santa Cruz de Tenerife <\/strong>(<a href=\"mailto:dstenerife@dstenerife.eu\">dstenerife@dstenerife.eu<\/a>).<\/p>\n<ul style=\"text-align: justify;\">\n<li>\n<h5><strong>Atenci\u00f3n al cliente:<\/strong><\/h5>\n<\/li>\n<\/ul>\n<p style=\"text-align: justify;\">Para cualquier duda o aclaraci\u00f3n pueden contactar con el departamento de Gesti\u00f3n de Cobros en el tel\u00e9fono <strong>683666168<\/strong> o a trav\u00e9s del mail <u>Fernandez-Lorena@aramark.es.<\/u> donde ser\u00e1 atendido por un agente de Aramark en horario de lunes a jueves de 8h a 17h y viernes de 8hs a 15hs.<\/p>\n<h4 style=\"text-align: justify;\"><a href=\"https:\/\/www.dstenerife.eu\/wp-content\/uploads\/2024\/06\/Manual-de-Ausencias-o-Presencias-Gusto-de-Crecer.pdf\" target=\"_blank\" rel=\"noopener\">Inscripciones y cancelaciones\u00a0<\/a><\/h4>\n<h4 style=\"text-align: justify;\"><a href=\"https:\/\/www.dstenerife.eu\/wp-content\/uploads\/2024\/06\/Ficha-online-GDC-Manual.pdf\" target=\"_blank\" rel=\"noopener\">Crear cuenta de cliente\u00a0<\/a><\/h4>\n","protected":false},"excerpt":{"rendered":"<p>Les informamos que a partir del nuevo curso escolar 2024\/25 las inscripciones para el comedor escolar [&hellip;]<\/p>\n","protected":false},"author":10,"featured_media":45454,"parent":1944,"menu_order":0,"comment_status":"closed","ping_status":"closed","template":"","meta":{"site-sidebar-layout":"default","site-content-layout":"default","ast-site-content-layout":"default","site-content-style":"default","site-sidebar-style":"default","ast-global-header-display":"","ast-banner-title-visibility":"","ast-main-header-display":"","ast-hfb-above-header-display":"","ast-hfb-below-header-display":"","ast-hfb-mobile-header-display":"","site-post-title":"","ast-breadcrumbs-content":"","ast-featured-img":"","footer-sml-layout":"","ast-disable-related-posts":"","theme-transparent-header-meta":"default","adv-header-id-meta":"","stick-header-meta":"default","header-above-stick-meta":"","header-main-stick-meta":"","header-below-stick-meta":"","astra-migrate-meta-layouts":"set","ast-page-background-enabled":"default","ast-page-background-meta":{"desktop":{"background-color":"","background-image":"","background-repeat":"repeat","background-position":"center center","background-size":"auto","background-attachment":"scroll","background-type":"","background-media":"","overlay-type":"","overlay-color":"","overlay-opacity":"","overlay-gradient":""},"tablet":{"background-color":"","background-image":"","background-repeat":"repeat","background-position":"center center","background-size":"auto","background-attachment":"scroll","background-type":"","background-media":"","overlay-type":"","overlay-color":"","overlay-opacity":"","overlay-gradient":""},"mobile":{"background-color":"","background-image":"","background-repeat":"repeat","background-position":"center center","background-size":"auto","background-attachment":"scroll","background-type":"","background-media":"","overlay-type":"","overlay-color":"","overlay-opacity":"","overlay-gradient":""}},"ast-content-background-meta":{"desktop":{"background-color":"var(--ast-global-color-5)","background-image":"","background-repeat":"repeat","background-position":"center center","background-size":"auto","background-attachment":"scroll","background-type":"","background-media":"","overlay-type":"","overlay-color":"","overlay-opacity":"","overlay-gradient":""},"tablet":{"background-color":"var(--ast-global-color-5)","background-image":"","background-repeat":"repeat","background-position":"center center","background-size":"auto","background-attachment":"scroll","background-type":"","background-media":"","overlay-type":"","overlay-color":"","overlay-opacity":"","overlay-gradient":""},"mobile":{"background-color":"var(--ast-global-color-5)","background-image":"","background-repeat":"repeat","background-position":"center center","background-size":"auto","background-attachment":"scroll","background-type":"","background-media":"","overlay-type":"","overlay-color":"","overlay-opacity":"","overlay-gradient":""}},"_jet_sm_ready_style":"","_jet_sm_style":"","_jet_sm_controls_values":"","_jet_sm_fonts_collection":"","_jet_sm_fonts_links":"","footnotes":""},"schlagwortedst":[152],"wf_page_folders":[177,208],"class_list":["post-2262","page","type-page","status-publish","has-post-thumbnail","hentry","schlagwortedst-sideservice"],"_links":{"self":[{"href":"https:\/\/www.dstenerife.eu\/es\/wp-json\/wp\/v2\/pages\/2262","targetHints":{"allow":["GET"]}}],"collection":[{"href":"https:\/\/www.dstenerife.eu\/es\/wp-json\/wp\/v2\/pages"}],"about":[{"href":"https:\/\/www.dstenerife.eu\/es\/wp-json\/wp\/v2\/types\/page"}],"author":[{"embeddable":true,"href":"https:\/\/www.dstenerife.eu\/es\/wp-json\/wp\/v2\/users\/10"}],"replies":[{"embeddable":true,"href":"https:\/\/www.dstenerife.eu\/es\/wp-json\/wp\/v2\/comments?post=2262"}],"version-history":[{"count":25,"href":"https:\/\/www.dstenerife.eu\/es\/wp-json\/wp\/v2\/pages\/2262\/revisions"}],"predecessor-version":[{"id":99306,"href":"https:\/\/www.dstenerife.eu\/es\/wp-json\/wp\/v2\/pages\/2262\/revisions\/99306"}],"up":[{"embeddable":true,"href":"https:\/\/www.dstenerife.eu\/es\/wp-json\/wp\/v2\/pages\/1944"}],"wp:featuredmedia":[{"embeddable":true,"href":"https:\/\/www.dstenerife.eu\/es\/wp-json\/wp\/v2\/media\/45454"}],"wp:attachment":[{"href":"https:\/\/www.dstenerife.eu\/es\/wp-json\/wp\/v2\/media?parent=2262"}],"wp:term":[{"taxonomy":"schlagwortedst","embeddable":true,"href":"https:\/\/www.dstenerife.eu\/es\/wp-json\/wp\/v2\/schlagwortedst?post=2262"},{"taxonomy":"wf_page_folders","embeddable":true,"href":"https:\/\/www.dstenerife.eu\/es\/wp-json\/wp\/v2\/wf_page_folders?post=2262"}],"curies":[{"name":"wp","href":"https:\/\/api.w.org\/{rel}","templated":true}]}}

Comedor y cafetería

<p style="text-align: justify;">Les informamos que a partir del nuevo curso escolar 2024/25 las inscripciones para el comedor escolar serán gestionadas por la empresa<img decoding="async" class="alignright wp-image-40023" src="https://e969z83yjsq.exactdn.com/wp-content/uploads/2021/05/aramark_logo_alpha.png?strip=all" alt="" width="180" height="51" srcset="https://e969z83yjsq.exactdn.com/wp-content/uploads/2021/05/aramark_logo_alpha.png?strip=all 169w, https://e969z83yjsq.exactdn.com/wp-content/uploads/2021/05/aramark_logo_alpha.png?strip=all&amp;zoom=0.4&amp;resize=180%2C51 72w" sizes="(max-width: 180px) 100vw, 180px" />  ARAMARK SERVICIOS DE CATERING, S.L.U.</p>
<p style="text-align: justify;">Podrán inscribirse a través de la plataforma <a href="https://www.elgustodecrecer.es/" target="_blank" rel="noopener">«El Gusto de Crecer»</a> a partir del 01 de julio de 2024.</p>
<p style="text-align: justify;">Adjunto le enviamos toda la información que nos facilitó Aramark al respecto:</p>
<h4 style="text-align: justify;"><strong><u>Condiciones generales de los servicios ofertados:</u></strong></h4>
<ul style="text-align: justify;">
<li>
<h5><strong>Alta en el servicio:</strong></h5>
</li>
</ul>
<p style="text-align: justify;">Todas las familias (tanto alumnos fijos como esporádicos) deberán registrarse previamente en la web <a href="http://www.elgustodecrecer.es" target="_blank" rel="noopener">www.elgustodecrecer.es</a>  y posteriormente darse de alta en cualquiera de los servicios a través del apartado de <strong>SOLICITUD PLAZA</strong> de manera telemática.</p>
<ul style="text-align: justify;">
<li>
<h5><strong>Cambio de compromiso del servicio de comedor:</strong></h5>
</li>
</ul>
<p style="text-align: justify;">La solicitud de modificación de la opción inicialmente elegida ha de informarse a la Coordinadora de Comedor y al correo <strong><u>Fernandez-Lorena@aramark.es</u></strong>  con una antelación de 5 días antes del inicio de mes en el que pretende hacerse el cambio de compromiso.</p>
<ul style="text-align: justify;">
<li>
<h5><strong>Pérdida de condición de usuario del servicio:</strong></h5>
</li>
</ul>
<p style="text-align: justify;">Se realizará cuando el/la usuario/a tenga un impago de dos o más recibos.</p>
<ul style="text-align: justify;">
<li>
<h5><strong>Precios de los servicios:</strong></h5>
</li>
</ul>
<p style="text-align: justify;">Kikri:                           5,70 € diario</p>
<p style="text-align: justify;">KiGa y Colegio:          6,80 € diario</p>
<p style="text-align: justify;"><strong>Por cada recibo devuelto correctamente girado, se cobrará un recargo de 3€ por gastos de devolución.</strong></p>
<p style="text-align: justify;">Los cobros se realizarán de forma vencida entre el 5 y 10 del mes siguiente y por domiciliación bancaria.</p>
<ul style="text-align: justify;">
<li>
<h5><strong>Ausencias del servicio de comedor:</strong></h5>
</li>
</ul>
<p style="text-align: justify;">Los usuarios podrán avisar de sus ausencias del comedor, a través de la App móvil “El Gusto de Crecer” y/o la <a href="https://www.elgustodecrecer.es/" target="_blank" rel="noopener">página web</a>, <strong>hasta las 9:30hs del mismo día</strong>, sin coste alguno para el usuario.</p>
<ul style="text-align: justify;">
<li>
<h5><strong>Uso del comedor de forma esporádica:</strong></h5>
</li>
</ul>
<p style="text-align: justify;">Los días no contratados y que se demande el Servicio de Comedor de forma puntual e imprevista, podrán notificar la asistencia al Servicio de Comedor, enviando email a <strong><u>Fernandez-Lorena@aramark.es</u></strong> antes de las 09:30 horas del mismo día.</p>
<ul style="text-align: justify;">
<li>
<h5><strong>Dieta blanda:</strong></h5>
</li>
</ul>
<p style="text-align: justify;">La hora máxima para poder solicitar una dieta blanda es hasta el mismo día y antes de las 09:30 horas. Se solicita por vía telefónica 683666168 o a través del mail  <u>Fernandez-Lorena@aramark.es.</u></p>
<ul style="text-align: justify;">
<li>
<h5><strong>Publicación de los menús:</strong></h5>
</li>
</ul>
<p style="text-align: justify;">Los menús mensuales estarán disponibles (previo registro), a través de la aplicación  móvil (El Gusto de Crecer) y <a href="https://www.elgustodecrecer.es/Menus/Colegio/1225" target="_blank" rel="noopener">página web  del Colegio Alemán Santa Cruz de Tenerife</a>.</p>
<ul style="text-align: justify;">
<li>
<h5><strong>Solicitud de dietas por alergia y/o intolerancia alimentaria:</strong></h5>
</li>
</ul>
<p style="text-align: justify;">Cualquier solicitud de dieta por motivos de alergia o intolerancia alimentaria, deberá hacerse a:  <u>Fernandez-Lorena@aramark.es.</u> remitiendo el correspondiente <strong>Informe Médico prescrito por un Especialista al Colegio Alemán Santa Cruz de Tenerife </strong>(<a href="mailto:dstenerife@dstenerife.eu">dstenerife@dstenerife.eu</a>).</p>
<ul style="text-align: justify;">
<li>
<h5><strong>Atención al cliente:</strong></h5>
</li>
</ul>
<p style="text-align: justify;">Para cualquier duda o aclaración pueden contactar con el departamento de Gestión de Cobros en el teléfono <strong>683666168</strong> o a través del mail <u>Fernandez-Lorena@aramark.es.</u> donde será atendido por un agente de Aramark en horario de lunes a jueves de 8h a 17h y viernes de 8hs a 15hs.</p>
<h4 style="text-align: justify;"><a href="https://www.dstenerife.eu/wp-content/uploads/2024/06/Manual-de-Ausencias-o-Presencias-Gusto-de-Crecer.pdf" target="_blank" rel="noopener">Inscripciones y cancelaciones </a></h4>
<h4 style="text-align: justify;"><a href="https://www.dstenerife.eu/wp-content/uploads/2024/06/Ficha-online-GDC-Manual.pdf" target="_blank" rel="noopener">Crear cuenta de cliente </a></h4>
