{"id":24402,"date":"2019-07-28T18:46:48","date_gmt":"2019-07-28T18:46:48","guid":{"rendered":"https:\/\/kopie.dst.deutsche-schule.eu\/?page_id=24402\/"},"modified":"2021-06-05T04:17:37","modified_gmt":"2021-06-05T04:17:37","slug":"actividades-extraescolares-2","status":"publish","type":"page","link":"https:\/\/www.dstenerife.eu\/es\/actividades-extraescolares-2\/","title":{"rendered":"Actividades extraescolares"},"content":{"rendered":"<p>El t\u00e9rmino \u201eactividades extraescolares\u201c resume numerosas ofertas de nuestro colegio, que tienen un papel importante en el d\u00eda a d\u00eda de nuestros alumnos en el DST. Las actividades extraescoleres se ofrecen en sesiones de dos horas, a 8\u00aa y 9\u00aa hora, es decir hasta las 15:40 h. Los ni\u00f1os est\u00e1n supervisados hasta entonces y pueden utilizar el transporte escolar. Adem\u00e1s, existe <strong>la permanencia para el Kindergarten, la permanencia y el periodo de repaso y elaboraci\u00f3n de ejercicios para la Primaria y Secundaria<\/strong>. La permanencia del Kindergarten est\u00e1 incluida en la cuota mensual, para la Primaria y Secundaria tiene un coste adicional. Podr\u00e1n apuntarse todos los d\u00edas que se oferte una actividad. En el caso de que hubiera m\u00e1s solicitudes que plazas, el colegio decidir\u00e1 sobre su adjudicaci\u00f3n. Si se lleva a cabo una actividad extraescolar, su participaci\u00f3n ser\u00e1 vinculante durante un semestre. Si no se llevara a cabo una actividad extraescolar, se podr\u00eda realizar una nueva elecci\u00f3n a principio de curso.<\/p>\n<p>&nbsp;<\/p>\n<p><strong>Coordinadora de las actividades extraescolares: Sandra D\u00edaz. <\/strong><\/p>\n<p><strong>Email: actividades@dstenerife.eu<\/strong><\/p>\n<p><strong>Hora de consulta: Martes, 13:15 h\u00a0&#8211; 14:00 h.<\/strong><\/p>\n<p>&nbsp;<\/p>\n<p>Oferta de actividades extraescolares:<\/p>\n<p><a href=\"https:\/\/www.dstenerife.eu\/wp-content\/uploads\/2019\/07\/Wahlm\u00f6glichkeiten_colegio-akt.pdf\" target=\"_blank\" rel=\"noopener noreferrer\">Visi\u00f3n del a\u00f1o escolar 2019\/2020<\/a> (KIGA)<\/p>\n<p><a href=\"https:\/\/www.dstenerife.eu\/wp-content\/uploads\/2019\/07\/Wahlm\u00f6glichkeiten_colegio-akt.pdf\" target=\"_blank\" rel=\"noopener noreferrer\">Visi\u00f3n del a\u00f1o escolar 2019\/2020 (Colegio)<\/a><\/p>\n","protected":false},"excerpt":{"rendered":"<p>El t\u00e9rmino \u201eactividades extraescolares\u201c resume numerosas ofertas de nuestro colegio, que tienen un papel importante en [&hellip;]<\/p>\n","protected":false},"author":10,"featured_media":0,"parent":0,"menu_order":100,"comment_status":"closed","ping_status":"closed","template":"","meta":{"site-sidebar-layout":"default","site-content-layout":"","ast-site-content-layout":"default","site-content-style":"default","site-sidebar-style":"default","ast-global-header-display":"","ast-banner-title-visibility":"","ast-main-header-display":"","ast-hfb-above-header-display":"","ast-hfb-below-header-display":"","ast-hfb-mobile-header-display":"","site-post-title":"","ast-breadcrumbs-content":"","ast-featured-img":"","footer-sml-layout":"","ast-disable-related-posts":"","theme-transparent-header-meta":"","adv-header-id-meta":"","stick-header-meta":"","header-above-stick-meta":"","header-main-stick-meta":"","header-below-stick-meta":"","astra-migrate-meta-layouts":"default","ast-page-background-enabled":"default","ast-page-background-meta":{"desktop":{"background-color":"","background-image":"","background-repeat":"repeat","background-position":"center center","background-size":"auto","background-attachment":"scroll","background-type":"","background-media":"","overlay-type":"","overlay-color":"","overlay-opacity":"","overlay-gradient":""},"tablet":{"background-color":"","background-image":"","background-repeat":"repeat","background-position":"center center","background-size":"auto","background-attachment":"scroll","background-type":"","background-media":"","overlay-type":"","overlay-color":"","overlay-opacity":"","overlay-gradient":""},"mobile":{"background-color":"","background-image":"","background-repeat":"repeat","background-position":"center center","background-size":"auto","background-attachment":"scroll","background-type":"","background-media":"","overlay-type":"","overlay-color":"","overlay-opacity":"","overlay-gradient":""}},"ast-content-background-meta":{"desktop":{"background-color":"var(--ast-global-color-5)","background-image":"","background-repeat":"repeat","background-position":"center center","background-size":"auto","background-attachment":"scroll","background-type":"","background-media":"","overlay-type":"","overlay-color":"","overlay-opacity":"","overlay-gradient":""},"tablet":{"background-color":"var(--ast-global-color-5)","background-image":"","background-repeat":"repeat","background-position":"center center","background-size":"auto","background-attachment":"scroll","background-type":"","background-media":"","overlay-type":"","overlay-color":"","overlay-opacity":"","overlay-gradient":""},"mobile":{"background-color":"var(--ast-global-color-5)","background-image":"","background-repeat":"repeat","background-position":"center center","background-size":"auto","background-attachment":"scroll","background-type":"","background-media":"","overlay-type":"","overlay-color":"","overlay-opacity":"","overlay-gradient":""}},"_jet_sm_ready_style":"","_jet_sm_style":"","_jet_sm_controls_values":"","_jet_sm_fonts_collection":"","_jet_sm_fonts_links":"","footnotes":""},"schlagwortedst":[],"wf_page_folders":[183],"class_list":["post-24402","page","type-page","status-publish","hentry"],"_links":{"self":[{"href":"https:\/\/www.dstenerife.eu\/es\/wp-json\/wp\/v2\/pages\/24402","targetHints":{"allow":["GET"]}}],"collection":[{"href":"https:\/\/www.dstenerife.eu\/es\/wp-json\/wp\/v2\/pages"}],"about":[{"href":"https:\/\/www.dstenerife.eu\/es\/wp-json\/wp\/v2\/types\/page"}],"author":[{"embeddable":true,"href":"https:\/\/www.dstenerife.eu\/es\/wp-json\/wp\/v2\/users\/10"}],"replies":[{"embeddable":true,"href":"https:\/\/www.dstenerife.eu\/es\/wp-json\/wp\/v2\/comments?post=24402"}],"version-history":[{"count":0,"href":"https:\/\/www.dstenerife.eu\/es\/wp-json\/wp\/v2\/pages\/24402\/revisions"}],"wp:attachment":[{"href":"https:\/\/www.dstenerife.eu\/es\/wp-json\/wp\/v2\/media?parent=24402"}],"wp:term":[{"taxonomy":"schlagwortedst","embeddable":true,"href":"https:\/\/www.dstenerife.eu\/es\/wp-json\/wp\/v2\/schlagwortedst?post=24402"},{"taxonomy":"wf_page_folders","embeddable":true,"href":"https:\/\/www.dstenerife.eu\/es\/wp-json\/wp\/v2\/wf_page_folders?post=24402"}],"curies":[{"name":"wp","href":"https:\/\/api.w.org\/{rel}","templated":true}]}}

<p>El término „actividades extraescolares“ resume numerosas ofertas de nuestro colegio, que tienen un papel importante en el día a día de nuestros alumnos en el DST. Las actividades extraescoleres se ofrecen en sesiones de dos horas, a 8ª y 9ª hora, es decir hasta las 15:40 h. Los niños están supervisados hasta entonces y pueden utilizar el transporte escolar. Además, existe <strong>la permanencia para el Kindergarten, la permanencia y el periodo de repaso y elaboración de ejercicios para la Primaria y Secundaria</strong>. La permanencia del Kindergarten está incluida en la cuota mensual, para la Primaria y Secundaria tiene un coste adicional. Podrán apuntarse todos los días que se oferte una actividad. En el caso de que hubiera más solicitudes que plazas, el colegio decidirá sobre su adjudicación. Si se lleva a cabo una actividad extraescolar, su participación será vinculante durante un semestre. Si no se llevara a cabo una actividad extraescolar, se podría realizar una nueva elección a principio de curso.</p>
<p>&nbsp;</p>
<p><strong>Coordinadora de las actividades extraescolares: Sandra Díaz. </strong></p>
<p><strong>Email: actividades@dstenerife.eu</strong></p>
<p><strong>Hora de consulta: Martes, 13:15 h &#8211; 14:00 h.</strong></p>
<p>&nbsp;</p>
<p>Oferta de actividades extraescolares:</p>
<p><a href="https://www.dstenerife.eu/wp-content/uploads/2019/07/Wahlmöglichkeiten_colegio-akt.pdf" target="_blank" rel="noopener noreferrer">Visión del año escolar 2019/2020</a> (KIGA)</p>
<p><a href="https://www.dstenerife.eu/wp-content/uploads/2019/07/Wahlmöglichkeiten_colegio-akt.pdf" target="_blank" rel="noopener noreferrer">Visión del año escolar 2019/2020 (Colegio)</a></p>

<p>El término „actividades extraescolares“ resume numerosas ofertas de nuestro colegio, que tienen un papel importante en [&hellip;]</p>
