{"id":43755,"date":"2020-01-05T15:46:42","date_gmt":"2020-01-05T15:46:42","guid":{"rendered":"https:\/\/kopie.dst.deutsche-schule.eu\/?page_id=43755"},"modified":"2022-07-20T15:29:23","modified_gmt":"2022-07-20T14:29:23","slug":"concepto-del-aleman-en-la-primaria","status":"publish","type":"page","link":"https:\/\/www.dstenerife.eu\/es\/primaria\/concepto-del-aleman-en-la-primaria\/","title":{"rendered":"Concepto del Alem\u00e1n en la Primaria"},"content":{"rendered":"<div class=\"news-body\">\n<div class=\"news-body\">\n<h3><strong>Estructura Teamteaching<\/strong><\/h3>\n<p>Todos los proyectos de ense\u00f1anza en la asignatura alem\u00e1n se planifican en contenido y metodolog\u00eda en colaboraci\u00f3n y se realizan en las clases divididas en el trabajo de grupos reducidos seg\u00fan prioridades de enfoques de fomento acordadas. En las clases Teamteaching act\u00faa el\/la profesor\/a de alem\u00e1n que se encarga de la clase paralela como profesor\/a de divisi\u00f3n, ya que consideramos el efecto de asociado familiar y fiable de referencia como elemento fundamental para el progreso de aprendizaje.<\/p>\n<p>Es importante para el profesorado que se mantenga un nivel m\u00e1ximo de flexibilidad para estos per\u00edodos de aprendizaje en Primaria. As\u00ed es posible el apoyo individual y el acompa\u00f1amiento de los\/as alumnos\/as en fases individuales, de asociaci\u00f3n y de grupo as\u00ed como durante el trabajo libre y\/o el trabajo distribuido en la clase completa como la divisi\u00f3n temporal en grupos reducidos. Se integran practicantes para el fomento adicional.<br \/>\nEn el caso de sustituci\u00f3n se pueden deshacer la duplicaci\u00f3n de puestos de trabajo para evitar una situaci\u00f3n de sustituci\u00f3n con profesores\/as de asignaturas ajenas. A tal fin, todos los grupos de aprendizaje est\u00e1n acostumbrados a trabajar de forma autoorganizada (p.ej. programas de trabajo, plan de trabajo semanal, juegos de mesa, trabajo con el IPad, etc).<\/p>\n<p>El profesorado se gu\u00eda por la experiencia de que sobre todo estudiantes de lenguas extranjeras no necesariamente se dejan atribuir un nivel de rendimiento en el \u00e1rea parcial de la clase de alem\u00e1n.<\/p>\n<p>En la pr\u00e1ctica, la orientaci\u00f3n de contenido al manual para la lengua alemana \u201eDer-Die-Das\u201c y los materiales adicionales existentes ha demostrado su eficacia desde la implantaci\u00f3n de las estructuras modificadas de trabajo para garantizar la comparabilidad de evaluaci\u00f3n del alumnado completo.<\/p>\n<h3><strong>Fomento ling\u00fc\u00edstico adicional<\/strong><\/h3>\n<p>Es importante la asignaci\u00f3n cont\u00ednua de grupos reducidos para un trabajo ling\u00fc\u00edstico efectivo as\u00ed adaptando puntos centrales tem\u00e1ticos de la vida cotidiana inminente de los ni\u00f1os en nexos relevantes.\u00a0El trabajo se orienta a la comunicaci\u00f3n e interacci\u00f3n.<\/p>\n<p>A partir del curso 2022-23, la\u00a0 primaria iniciar\u00e1 un proyecto piloto en el grupo de G4 para actuar y promover el lenguaje en estructuras a\u00fan m\u00e1s eficaces. Para ello, cada clase se dividir\u00e1 en 3 peque\u00f1os grupos heterog\u00e9neos por la ma\u00f1ana en 2 horas semanales.<\/p>\n<p>Los profesores\/as con formaci\u00f3n especializada utilizan una amplia colecci\u00f3n de materiales y planifican las unidades teniendo en cuenta rituales de fomento ling\u00fc\u00edstico y previamente definidos que significan un ambiente de aprendizaje activador.<\/p>\n<p><a href=\"\/wp-content\/uploads\/2017\/10\/DST_Deutschkonzept_Grundschule_aktualisiert_10102017.pdf\">M\u00e1s sobre el concepto del alem\u00e1n en la Primaria\u00a0<\/a><\/p>\n<\/div>\n<p>&nbsp;<\/p>\n<\/div>\n","protected":false},"excerpt":{"rendered":"<p>Estructura Teamteaching Todos los proyectos de ense\u00f1anza en la asignatura alem\u00e1n se planifican en contenido y [&hellip;]<\/p>\n","protected":false},"author":15,"featured_media":0,"parent":1743,"menu_order":43,"comment_status":"closed","ping_status":"closed","template":"","meta":{"site-sidebar-layout":"default","site-content-layout":"default","ast-site-content-layout":"default","site-content-style":"default","site-sidebar-style":"default","ast-global-header-display":"","ast-banner-title-visibility":"","ast-main-header-display":"","ast-hfb-above-header-display":"","ast-hfb-below-header-display":"","ast-hfb-mobile-header-display":"","site-post-title":"","ast-breadcrumbs-content":"","ast-featured-img":"","footer-sml-layout":"","ast-disable-related-posts":"","theme-transparent-header-meta":"default","adv-header-id-meta":"","stick-header-meta":"default","header-above-stick-meta":"","header-main-stick-meta":"","header-below-stick-meta":"","astra-migrate-meta-layouts":"default","ast-page-background-enabled":"default","ast-page-background-meta":{"desktop":{"background-color":"","background-image":"","background-repeat":"repeat","background-position":"center center","background-size":"auto","background-attachment":"scroll","background-type":"","background-media":"","overlay-type":"","overlay-color":"","overlay-opacity":"","overlay-gradient":""},"tablet":{"background-color":"","background-image":"","background-repeat":"repeat","background-position":"center center","background-size":"auto","background-attachment":"scroll","background-type":"","background-media":"","overlay-type":"","overlay-color":"","overlay-opacity":"","overlay-gradient":""},"mobile":{"background-color":"","background-image":"","background-repeat":"repeat","background-position":"center center","background-size":"auto","background-attachment":"scroll","background-type":"","background-media":"","overlay-type":"","overlay-color":"","overlay-opacity":"","overlay-gradient":""}},"ast-content-background-meta":{"desktop":{"background-color":"var(--ast-global-color-5)","background-image":"","background-repeat":"repeat","background-position":"center center","background-size":"auto","background-attachment":"scroll","background-type":"","background-media":"","overlay-type":"","overlay-color":"","overlay-opacity":"","overlay-gradient":""},"tablet":{"background-color":"var(--ast-global-color-5)","background-image":"","background-repeat":"repeat","background-position":"center center","background-size":"auto","background-attachment":"scroll","background-type":"","background-media":"","overlay-type":"","overlay-color":"","overlay-opacity":"","overlay-gradient":""},"mobile":{"background-color":"var(--ast-global-color-5)","background-image":"","background-repeat":"repeat","background-position":"center center","background-size":"auto","background-attachment":"scroll","background-type":"","background-media":"","overlay-type":"","overlay-color":"","overlay-opacity":"","overlay-gradient":""}},"_jet_sm_ready_style":"","_jet_sm_style":"","_jet_sm_controls_values":"","_jet_sm_fonts_collection":"","_jet_sm_fonts_links":"","footnotes":""},"schlagwortedst":[98,150],"wf_page_folders":[211],"class_list":["post-43755","page","type-page","status-publish","hentry","schlagwortedst-deutsch-gs","schlagwortedst-sidegs"],"_links":{"self":[{"href":"https:\/\/www.dstenerife.eu\/es\/wp-json\/wp\/v2\/pages\/43755","targetHints":{"allow":["GET"]}}],"collection":[{"href":"https:\/\/www.dstenerife.eu\/es\/wp-json\/wp\/v2\/pages"}],"about":[{"href":"https:\/\/www.dstenerife.eu\/es\/wp-json\/wp\/v2\/types\/page"}],"author":[{"embeddable":true,"href":"https:\/\/www.dstenerife.eu\/es\/wp-json\/wp\/v2\/users\/15"}],"replies":[{"embeddable":true,"href":"https:\/\/www.dstenerife.eu\/es\/wp-json\/wp\/v2\/comments?post=43755"}],"version-history":[{"count":1,"href":"https:\/\/www.dstenerife.eu\/es\/wp-json\/wp\/v2\/pages\/43755\/revisions"}],"predecessor-version":[{"id":55649,"href":"https:\/\/www.dstenerife.eu\/es\/wp-json\/wp\/v2\/pages\/43755\/revisions\/55649"}],"up":[{"embeddable":true,"href":"https:\/\/www.dstenerife.eu\/es\/wp-json\/wp\/v2\/pages\/1743"}],"wp:attachment":[{"href":"https:\/\/www.dstenerife.eu\/es\/wp-json\/wp\/v2\/media?parent=43755"}],"wp:term":[{"taxonomy":"schlagwortedst","embeddable":true,"href":"https:\/\/www.dstenerife.eu\/es\/wp-json\/wp\/v2\/schlagwortedst?post=43755"},{"taxonomy":"wf_page_folders","embeddable":true,"href":"https:\/\/www.dstenerife.eu\/es\/wp-json\/wp\/v2\/wf_page_folders?post=43755"}],"curies":[{"name":"wp","href":"https:\/\/api.w.org\/{rel}","templated":true}]}}

Concepto del Alemán en la Primaria

<div class="news-body">
<div class="news-body">
<h3><strong>Estructura Teamteaching</strong></h3>
<p>Todos los proyectos de enseñanza en la asignatura alemán se planifican en contenido y metodología en colaboración y se realizan en las clases divididas en el trabajo de grupos reducidos según prioridades de enfoques de fomento acordadas. En las clases Teamteaching actúa el/la profesor/a de alemán que se encarga de la clase paralela como profesor/a de división, ya que consideramos el efecto de asociado familiar y fiable de referencia como elemento fundamental para el progreso de aprendizaje.</p>
<p>Es importante para el profesorado que se mantenga un nivel máximo de flexibilidad para estos períodos de aprendizaje en Primaria. Así es posible el apoyo individual y el acompañamiento de los/as alumnos/as en fases individuales, de asociación y de grupo así como durante el trabajo libre y/o el trabajo distribuido en la clase completa como la división temporal en grupos reducidos. Se integran practicantes para el fomento adicional.<br />
En el caso de sustitución se pueden deshacer la duplicación de puestos de trabajo para evitar una situación de sustitución con profesores/as de asignaturas ajenas. A tal fin, todos los grupos de aprendizaje están acostumbrados a trabajar de forma autoorganizada (p.ej. programas de trabajo, plan de trabajo semanal, juegos de mesa, trabajo con el IPad, etc).</p>
<p>El profesorado se guía por la experiencia de que sobre todo estudiantes de lenguas extranjeras no necesariamente se dejan atribuir un nivel de rendimiento en el área parcial de la clase de alemán.</p>
<p>En la práctica, la orientación de contenido al manual para la lengua alemana „Der-Die-Das“ y los materiales adicionales existentes ha demostrado su eficacia desde la implantación de las estructuras modificadas de trabajo para garantizar la comparabilidad de evaluación del alumnado completo.</p>
<h3><strong>Fomento lingüístico adicional</strong></h3>
<p>Es importante la asignación contínua de grupos reducidos para un trabajo lingüístico efectivo así adaptando puntos centrales temáticos de la vida cotidiana inminente de los niños en nexos relevantes. El trabajo se orienta a la comunicación e interacción.</p>
<p>A partir del curso 2022-23, la  primaria iniciará un proyecto piloto en el grupo de G4 para actuar y promover el lenguaje en estructuras aún más eficaces. Para ello, cada clase se dividirá en 3 pequeños grupos heterogéneos por la mañana en 2 horas semanales.</p>
<p>Los profesores/as con formación especializada utilizan una amplia colección de materiales y planifican las unidades teniendo en cuenta rituales de fomento lingüístico y previamente definidos que significan un ambiente de aprendizaje activador.</p>
<p><a href="/wp-content/uploads/2017/10/DST_Deutschkonzept_Grundschule_aktualisiert_10102017.pdf">Más sobre el concepto del alemán en la Primaria </a></p>
</div>
<p>&nbsp;</p>
</div>

<p>Estructura Teamteaching Todos los proyectos de enseñanza en la asignatura alemán se planifican en contenido y [&hellip;]</p>
