{"id":4900,"date":"2016-04-30T09:36:01","date_gmt":"2016-04-30T09:36:01","guid":{"rendered":"https:\/\/kopie.dst.deutsche-schule.eu\/es\/?page_id=4900"},"modified":"2016-04-30T09:39:16","modified_gmt":"2016-04-30T09:39:16","slug":"archivo-proyectos-durante-el-curso-2014-15","status":"publish","type":"page","link":"https:\/\/www.dstenerife.eu\/es\/servicios\/instituciones\/biblioteca\/eventos-y-proyectos__trashed\/archivo-proyectos-durante-el-curso-2014-15\/","title":{"rendered":"Archivo: Proyectos durante el curso 2014-15"},"content":{"rendered":"<ul>\n<li><strong>Visita de la Primaria <\/strong>a la biblioteca<\/li>\n<li><strong>D\u00eda de las bibliotecas<\/strong> (finales de octubre). Junto con otras bibliotecas de la isla elegimos el lema \u201cUn mar de energ\u00edas\u201d. En relaci\u00f3n con el mismo, se organiz\u00f3 un debate para las clases 10 y 11 sobre las prospecciones petrol\u00edferas contando con la visita de un experimentado ge\u00f3logo y con un activista de Ben Magec. Para la Primaria organizamos un concurso de dibujo en la biblioteca y hicimos cartulinas sobre el reciclaje de residuos.<\/li>\n<li><strong>Proyecto navide\u00f1o organizado<\/strong> por Europe Direct Llangollen. En este proyecto distintos colegios repartidos por toda Europa intercambiamos decoraciones navide\u00f1as e informaci\u00f3n sobre las costumbres navide\u00f1as en nuestro pa\u00eds. Las decoraciones fueron colgadas en el \u00e1rbol de la biblioteca.<\/li>\n<li><strong>Entrega de juguetes<\/strong> y mercadillo de Navidad: Para la librer\u00eda solidaria Solican se recogieron juguetes para ancianos y ni\u00f1os sin recursos. Durante el mercadillo se vendieron libros de segunda mano y marcap\u00e1ginas para el mismo fin.<\/li>\n<li><strong>Lectura en alto<\/strong> para la Primaria (antes de Navidad)<\/li>\n<li><strong>D\u00eda del libro<\/strong> (23 de abril): Representaci\u00f3n del cuento \u201cEl pr\u00edncipe rana\u201d y juego de palabras con ayuda de la librer\u00eda \u201cLa isla\u201d para la Primaria. Para el Kinder se proyect\u00f3 un v\u00eddeo del libro ilustrado \u201cDas kleine Ich bin ich\u201d.<\/li>\n<li><strong>D\u00eda de la UE<\/strong> (8 de mayo): Se hizo una presentaci\u00f3n sobre la UE as\u00ed como sobre el funcionamiento de todas las instituciones europeas a los alumnos de la clase 8.<\/li>\n<li><strong>Exposici\u00f3n<\/strong> sobre la Edad Media (mayo-junio)<\/li>\n<li>Participaci\u00f3n en la <strong>recolecta de medicamentos<\/strong> de segunda mano para los campamentos saharaouis en Tindouf, que cada a\u00f1o organiza la ACAPS.<\/li>\n<li>Participaci\u00f3n en la <strong>semana de proyectos de Primaria<\/strong> (junio) con la redacci\u00f3n de nuestro propio \u201cDiario de Greg\u201d.<\/li>\n<li>Entrega de <strong>diplomas a los mejores lectores <\/strong>de la biblioteca entre las clases 1-6 (junio).<\/li>\n<\/ul>\n","protected":false},"excerpt":{"rendered":"<p>Visita de la Primaria a la biblioteca D\u00eda de las bibliotecas (finales de octubre). Junto con [&hellip;]<\/p>\n","protected":false},"author":10,"featured_media":0,"parent":3348,"menu_order":0,"comment_status":"closed","ping_status":"closed","template":"","meta":{"site-sidebar-layout":"default","site-content-layout":"","ast-site-content-layout":"default","site-content-style":"default","site-sidebar-style":"default","ast-global-header-display":"","ast-banner-title-visibility":"","ast-main-header-display":"","ast-hfb-above-header-display":"","ast-hfb-below-header-display":"","ast-hfb-mobile-header-display":"","site-post-title":"","ast-breadcrumbs-content":"","ast-featured-img":"","footer-sml-layout":"","ast-disable-related-posts":"","theme-transparent-header-meta":"","adv-header-id-meta":"","stick-header-meta":"","header-above-stick-meta":"","header-main-stick-meta":"","header-below-stick-meta":"","astra-migrate-meta-layouts":"default","ast-page-background-enabled":"default","ast-page-background-meta":{"desktop":{"background-color":"","background-image":"","background-repeat":"repeat","background-position":"center center","background-size":"auto","background-attachment":"scroll","background-type":"","background-media":"","overlay-type":"","overlay-color":"","overlay-opacity":"","overlay-gradient":""},"tablet":{"background-color":"","background-image":"","background-repeat":"repeat","background-position":"center center","background-size":"auto","background-attachment":"scroll","background-type":"","background-media":"","overlay-type":"","overlay-color":"","overlay-opacity":"","overlay-gradient":""},"mobile":{"background-color":"","background-image":"","background-repeat":"repeat","background-position":"center center","background-size":"auto","background-attachment":"scroll","background-type":"","background-media":"","overlay-type":"","overlay-color":"","overlay-opacity":"","overlay-gradient":""}},"ast-content-background-meta":{"desktop":{"background-color":"var(--ast-global-color-5)","background-image":"","background-repeat":"repeat","background-position":"center center","background-size":"auto","background-attachment":"scroll","background-type":"","background-media":"","overlay-type":"","overlay-color":"","overlay-opacity":"","overlay-gradient":""},"tablet":{"background-color":"var(--ast-global-color-5)","background-image":"","background-repeat":"repeat","background-position":"center center","background-size":"auto","background-attachment":"scroll","background-type":"","background-media":"","overlay-type":"","overlay-color":"","overlay-opacity":"","overlay-gradient":""},"mobile":{"background-color":"var(--ast-global-color-5)","background-image":"","background-repeat":"repeat","background-position":"center center","background-size":"auto","background-attachment":"scroll","background-type":"","background-media":"","overlay-type":"","overlay-color":"","overlay-opacity":"","overlay-gradient":""}},"_jet_sm_ready_style":"","_jet_sm_style":"","_jet_sm_controls_values":"","_jet_sm_fonts_collection":"","_jet_sm_fonts_links":"","footnotes":""},"schlagwortedst":[],"wf_page_folders":[],"class_list":["post-4900","page","type-page","status-publish","hentry"],"_links":{"self":[{"href":"https:\/\/www.dstenerife.eu\/es\/wp-json\/wp\/v2\/pages\/4900","targetHints":{"allow":["GET"]}}],"collection":[{"href":"https:\/\/www.dstenerife.eu\/es\/wp-json\/wp\/v2\/pages"}],"about":[{"href":"https:\/\/www.dstenerife.eu\/es\/wp-json\/wp\/v2\/types\/page"}],"author":[{"embeddable":true,"href":"https:\/\/www.dstenerife.eu\/es\/wp-json\/wp\/v2\/users\/10"}],"replies":[{"embeddable":true,"href":"https:\/\/www.dstenerife.eu\/es\/wp-json\/wp\/v2\/comments?post=4900"}],"version-history":[{"count":0,"href":"https:\/\/www.dstenerife.eu\/es\/wp-json\/wp\/v2\/pages\/4900\/revisions"}],"up":[{"embeddable":true,"href":"https:\/\/www.dstenerife.eu\/es\/wp-json\/wp\/v2\/pages\/3348"}],"wp:attachment":[{"href":"https:\/\/www.dstenerife.eu\/es\/wp-json\/wp\/v2\/media?parent=4900"}],"wp:term":[{"taxonomy":"schlagwortedst","embeddable":true,"href":"https:\/\/www.dstenerife.eu\/es\/wp-json\/wp\/v2\/schlagwortedst?post=4900"},{"taxonomy":"wf_page_folders","embeddable":true,"href":"https:\/\/www.dstenerife.eu\/es\/wp-json\/wp\/v2\/wf_page_folders?post=4900"}],"curies":[{"name":"wp","href":"https:\/\/api.w.org\/{rel}","templated":true}]}}

<ul>
<li><strong>Visita de la Primaria </strong>a la biblioteca</li>
<li><strong>Día de las bibliotecas</strong> (finales de octubre). Junto con otras bibliotecas de la isla elegimos el lema “Un mar de energías”. En relación con el mismo, se organizó un debate para las clases 10 y 11 sobre las prospecciones petrolíferas contando con la visita de un experimentado geólogo y con un activista de Ben Magec. Para la Primaria organizamos un concurso de dibujo en la biblioteca y hicimos cartulinas sobre el reciclaje de residuos.</li>
<li><strong>Proyecto navideño organizado</strong> por Europe Direct Llangollen. En este proyecto distintos colegios repartidos por toda Europa intercambiamos decoraciones navideñas e información sobre las costumbres navideñas en nuestro país. Las decoraciones fueron colgadas en el árbol de la biblioteca.</li>
<li><strong>Entrega de juguetes</strong> y mercadillo de Navidad: Para la librería solidaria Solican se recogieron juguetes para ancianos y niños sin recursos. Durante el mercadillo se vendieron libros de segunda mano y marcapáginas para el mismo fin.</li>
<li><strong>Lectura en alto</strong> para la Primaria (antes de Navidad)</li>
<li><strong>Día del libro</strong> (23 de abril): Representación del cuento “El príncipe rana” y juego de palabras con ayuda de la librería “La isla” para la Primaria. Para el Kinder se proyectó un vídeo del libro ilustrado “Das kleine Ich bin ich”.</li>
<li><strong>Día de la UE</strong> (8 de mayo): Se hizo una presentación sobre la UE así como sobre el funcionamiento de todas las instituciones europeas a los alumnos de la clase 8.</li>
<li><strong>Exposición</strong> sobre la Edad Media (mayo-junio)</li>
<li>Participación en la <strong>recolecta de medicamentos</strong> de segunda mano para los campamentos saharaouis en Tindouf, que cada año organiza la ACAPS.</li>
<li>Participación en la <strong>semana de proyectos de Primaria</strong> (junio) con la redacción de nuestro propio “Diario de Greg”.</li>
<li>Entrega de <strong>diplomas a los mejores lectores </strong>de la biblioteca entre las clases 1-6 (junio).</li>
</ul>

<p>Visita de la Primaria a la biblioteca Día de las bibliotecas (finales de octubre). Junto con [&hellip;]</p>
